{"id":15566,"date":"2020-11-23T16:24:19","date_gmt":"2022-02-21T12:07:26","guid":{"rendered":"https:\/\/www.skargaarden.com\/products\/uncategorized\/lido-soffa-mittsektion\/"},"modified":"2022-06-02T09:26:22","modified_gmt":"2022-06-02T07:26:22","slug":"lido-sofa-mid-section","status":"publish","type":"product","link":"https:\/\/www.skargaarden.com\/sv\/product\/lido-sofa-mid-section\/","title":{"rendered":"Lid\u00f6 soffa mittsektion"},"content":{"rendered":"<p>Lid\u00f6 Mittsektion \u00e4r en del av en modul loungeserie tillverkad i aluminium, med Sunbrella-dynor fyllda med QuickDry Foam. Serien erbjuder fantastisk bekv\u00e4mlighet och ser fin ut b\u00e5de i en tr\u00e4dg\u00e5rd eller p\u00e5 en storstadsterrass. Dynorna \u00f6r tillg\u00e4nligaa i f\u00e4rgen Silver Grey.<\/p>\n","protected":false},"excerpt":{"rendered":"<p>Lid\u00f6 Mittsektion \u00e4r en del av en modul loungeserie tillverkad i aluminium, med Sunbrella-dynor fyllda med QuickDry Foam. Serien erbjuder fantastisk bekv\u00e4mlighet och ser fin ut b\u00e5de i en tr\u00e4dg\u00e5rd eller p\u00e5 en storstadsterrass. Dynorna \u00f6r tillg\u00e4nligaa i f\u00e4rgen Silver Grey.<\/p>\n","protected":false},"featured_media":13151,"template":"","meta":{"_acf_changed":false},"product_cat":[135],"product_tag":[],"acf":[],"yoast_head":"<!-- This site is optimized with the Yoast SEO plugin v22.2 - https:\/\/yoast.com\/wordpress\/plugins\/seo\/ -->\n<title>Lid\u00f6 soffa mittsektion - SKARGAARDEN<\/title>\n<meta name=\"description\" content=\"Lid\u00f6 Mittsektion \u00e4r en del av en modul loungeserie tillverkad i aluminium, med Sunbrella-dynor fyllda med QuickDry Foam.\" \/>\n<meta name=\"robots\" content=\"index, follow, max-snippet:-1, max-image-preview:large, max-video-preview:-1\" \/>\n<link rel=\"canonical\" href=\"https:\/\/www.skargaarden.com\/sv\/product\/lido-sofa-mid-section\/\" \/>\n<meta property=\"og:locale\" content=\"sv_SE\" \/>\n<meta property=\"og:type\" content=\"article\" \/>\n<meta property=\"og:title\" content=\"Lid\u00f6 soffa mittsektion - SKARGAARDEN\" \/>\n<meta property=\"og:description\" content=\"Lid\u00f6 Mittsektion \u00e4r en del av en modul loungeserie tillverkad i aluminium, med Sunbrella-dynor fyllda med QuickDry Foam.\" \/>\n<meta property=\"og:url\" content=\"https:\/\/www.skargaarden.com\/sv\/product\/lido-sofa-mid-section\/\" \/>\n<meta property=\"og:site_name\" content=\"SKARGAARDEN\" \/>\n<meta property=\"article:publisher\" content=\"https:\/\/www.facebook.com\/skargaarden\" \/>\n<meta property=\"article:modified_time\" content=\"2022-06-02T07:26:22+00:00\" \/>\n<meta property=\"og:image\" content=\"https:\/\/www.skargaarden.com\/wp-content\/uploads\/2020\/11\/LIDO_SOFA_MID_SECTION-kopiera.jpg\" \/>\n\t<meta property=\"og:image:width\" content=\"2000\" \/>\n\t<meta property=\"og:image:height\" content=\"1333\" \/>\n\t<meta property=\"og:image:type\" content=\"image\/jpeg\" \/>\n<meta name=\"twitter:card\" content=\"summary_large_image\" \/>\n<script type=\"application\/ld+json\" class=\"yoast-schema-graph\">{\"@context\":\"https:\/\/schema.org\",\"@graph\":[{\"@type\":\"WebPage\",\"@id\":\"https:\/\/www.skargaarden.com\/sv\/product\/lido-sofa-mid-section\/\",\"url\":\"https:\/\/www.skargaarden.com\/sv\/product\/lido-sofa-mid-section\/\",\"name\":\"Lid\u00f6 soffa mittsektion - SKARGAARDEN\",\"isPartOf\":{\"@id\":\"https:\/\/www.skargaarden.com\/sv\/#website\"},\"primaryImageOfPage\":{\"@id\":\"https:\/\/www.skargaarden.com\/sv\/product\/lido-sofa-mid-section\/#primaryimage\"},\"image\":{\"@id\":\"https:\/\/www.skargaarden.com\/sv\/product\/lido-sofa-mid-section\/#primaryimage\"},\"thumbnailUrl\":\"https:\/\/www.skargaarden.com\/wp-content\/uploads\/2020\/11\/LIDO_SOFA_MID_SECTION-kopiera.jpg\",\"datePublished\":\"2022-02-21T12:07:26+00:00\",\"dateModified\":\"2022-06-02T07:26:22+00:00\",\"description\":\"Lid\u00f6 Mittsektion \u00e4r en del av en modul loungeserie tillverkad i aluminium, med Sunbrella-dynor fyllda med QuickDry Foam.\",\"breadcrumb\":{\"@id\":\"https:\/\/www.skargaarden.com\/sv\/product\/lido-sofa-mid-section\/#breadcrumb\"},\"inLanguage\":\"sv-SE\",\"potentialAction\":[{\"@type\":\"ReadAction\",\"target\":[\"https:\/\/www.skargaarden.com\/sv\/product\/lido-sofa-mid-section\/\"]}]},{\"@type\":\"ImageObject\",\"inLanguage\":\"sv-SE\",\"@id\":\"https:\/\/www.skargaarden.com\/sv\/product\/lido-sofa-mid-section\/#primaryimage\",\"url\":\"https:\/\/www.skargaarden.com\/wp-content\/uploads\/2020\/11\/LIDO_SOFA_MID_SECTION-kopiera.jpg\",\"contentUrl\":\"https:\/\/www.skargaarden.com\/wp-content\/uploads\/2020\/11\/LIDO_SOFA_MID_SECTION-kopiera.jpg\",\"width\":2000,\"height\":1333},{\"@type\":\"BreadcrumbList\",\"@id\":\"https:\/\/www.skargaarden.com\/sv\/product\/lido-sofa-mid-section\/#breadcrumb\",\"itemListElement\":[{\"@type\":\"ListItem\",\"position\":1,\"name\":\"Home\",\"item\":\"https:\/\/www.skargaarden.com\/sv\/\"},{\"@type\":\"ListItem\",\"position\":2,\"name\":\"Produkter\",\"item\":\"https:\/\/www.skargaarden.com\/sv\/butik\/\"},{\"@type\":\"ListItem\",\"position\":3,\"name\":\"Lid\u00f6 soffa mittsektion\"}]},{\"@type\":\"WebSite\",\"@id\":\"https:\/\/www.skargaarden.com\/sv\/#website\",\"url\":\"https:\/\/www.skargaarden.com\/sv\/\",\"name\":\"SKARGAARDEN\",\"description\":\"Scandinavian Outdoor Design\",\"publisher\":{\"@id\":\"https:\/\/www.skargaarden.com\/sv\/#organization\"},\"potentialAction\":[{\"@type\":\"SearchAction\",\"target\":{\"@type\":\"EntryPoint\",\"urlTemplate\":\"https:\/\/www.skargaarden.com\/sv\/?s={search_term_string}\"},\"query-input\":\"required name=search_term_string\"}],\"inLanguage\":\"sv-SE\"},{\"@type\":\"Organization\",\"@id\":\"https:\/\/www.skargaarden.com\/sv\/#organization\",\"name\":\"SKARGAARDEN\",\"url\":\"https:\/\/www.skargaarden.com\/sv\/\",\"logo\":{\"@type\":\"ImageObject\",\"inLanguage\":\"sv-SE\",\"@id\":\"https:\/\/www.skargaarden.com\/sv\/#\/schema\/logo\/image\/\",\"url\":\"https:\/\/www.skargaarden.com\/wp-content\/uploads\/2024\/03\/skargaardenlogo-1.png\",\"contentUrl\":\"https:\/\/www.skargaarden.com\/wp-content\/uploads\/2024\/03\/skargaardenlogo-1.png\",\"width\":999,\"height\":141,\"caption\":\"SKARGAARDEN\"},\"image\":{\"@id\":\"https:\/\/www.skargaarden.com\/sv\/#\/schema\/logo\/image\/\"},\"sameAs\":[\"https:\/\/www.facebook.com\/skargaarden\",\"https:\/\/www.instagram.com\/skargaarden\/\",\"https:\/\/www.pinterest.se\/skargaarden\/\"]}]}<\/script>\n<!-- \/ Yoast SEO plugin. -->","yoast_head_json":{"title":"Lid\u00f6 soffa mittsektion - SKARGAARDEN","description":"Lid\u00f6 Mittsektion \u00e4r en del av en modul loungeserie tillverkad i aluminium, med Sunbrella-dynor fyllda med QuickDry Foam.","robots":{"index":"index","follow":"follow","max-snippet":"max-snippet:-1","max-image-preview":"max-image-preview:large","max-video-preview":"max-video-preview:-1"},"canonical":"https:\/\/www.skargaarden.com\/sv\/product\/lido-sofa-mid-section\/","og_locale":"sv_SE","og_type":"article","og_title":"Lid\u00f6 soffa mittsektion - SKARGAARDEN","og_description":"Lid\u00f6 Mittsektion \u00e4r en del av en modul loungeserie tillverkad i aluminium, med Sunbrella-dynor fyllda med QuickDry Foam.","og_url":"https:\/\/www.skargaarden.com\/sv\/product\/lido-sofa-mid-section\/","og_site_name":"SKARGAARDEN","article_publisher":"https:\/\/www.facebook.com\/skargaarden","article_modified_time":"2022-06-02T07:26:22+00:00","og_image":[{"width":2000,"height":1333,"url":"https:\/\/www.skargaarden.com\/wp-content\/uploads\/2020\/11\/LIDO_SOFA_MID_SECTION-kopiera.jpg","type":"image\/jpeg"}],"twitter_card":"summary_large_image","schema":{"@context":"https:\/\/schema.org","@graph":[{"@type":"WebPage","@id":"https:\/\/www.skargaarden.com\/sv\/product\/lido-sofa-mid-section\/","url":"https:\/\/www.skargaarden.com\/sv\/product\/lido-sofa-mid-section\/","name":"Lid\u00f6 soffa mittsektion - SKARGAARDEN","isPartOf":{"@id":"https:\/\/www.skargaarden.com\/sv\/#website"},"primaryImageOfPage":{"@id":"https:\/\/www.skargaarden.com\/sv\/product\/lido-sofa-mid-section\/#primaryimage"},"image":{"@id":"https:\/\/www.skargaarden.com\/sv\/product\/lido-sofa-mid-section\/#primaryimage"},"thumbnailUrl":"https:\/\/www.skargaarden.com\/wp-content\/uploads\/2020\/11\/LIDO_SOFA_MID_SECTION-kopiera.jpg","datePublished":"2022-02-21T12:07:26+00:00","dateModified":"2022-06-02T07:26:22+00:00","description":"Lid\u00f6 Mittsektion \u00e4r en del av en modul loungeserie tillverkad i aluminium, med Sunbrella-dynor fyllda med QuickDry Foam.","breadcrumb":{"@id":"https:\/\/www.skargaarden.com\/sv\/product\/lido-sofa-mid-section\/#breadcrumb"},"inLanguage":"sv-SE","potentialAction":[{"@type":"ReadAction","target":["https:\/\/www.skargaarden.com\/sv\/product\/lido-sofa-mid-section\/"]}]},{"@type":"ImageObject","inLanguage":"sv-SE","@id":"https:\/\/www.skargaarden.com\/sv\/product\/lido-sofa-mid-section\/#primaryimage","url":"https:\/\/www.skargaarden.com\/wp-content\/uploads\/2020\/11\/LIDO_SOFA_MID_SECTION-kopiera.jpg","contentUrl":"https:\/\/www.skargaarden.com\/wp-content\/uploads\/2020\/11\/LIDO_SOFA_MID_SECTION-kopiera.jpg","width":2000,"height":1333},{"@type":"BreadcrumbList","@id":"https:\/\/www.skargaarden.com\/sv\/product\/lido-sofa-mid-section\/#breadcrumb","itemListElement":[{"@type":"ListItem","position":1,"name":"Home","item":"https:\/\/www.skargaarden.com\/sv\/"},{"@type":"ListItem","position":2,"name":"Produkter","item":"https:\/\/www.skargaarden.com\/sv\/butik\/"},{"@type":"ListItem","position":3,"name":"Lid\u00f6 soffa mittsektion"}]},{"@type":"WebSite","@id":"https:\/\/www.skargaarden.com\/sv\/#website","url":"https:\/\/www.skargaarden.com\/sv\/","name":"SKARGAARDEN","description":"Scandinavian Outdoor Design","publisher":{"@id":"https:\/\/www.skargaarden.com\/sv\/#organization"},"potentialAction":[{"@type":"SearchAction","target":{"@type":"EntryPoint","urlTemplate":"https:\/\/www.skargaarden.com\/sv\/?s={search_term_string}"},"query-input":"required name=search_term_string"}],"inLanguage":"sv-SE"},{"@type":"Organization","@id":"https:\/\/www.skargaarden.com\/sv\/#organization","name":"SKARGAARDEN","url":"https:\/\/www.skargaarden.com\/sv\/","logo":{"@type":"ImageObject","inLanguage":"sv-SE","@id":"https:\/\/www.skargaarden.com\/sv\/#\/schema\/logo\/image\/","url":"https:\/\/www.skargaarden.com\/wp-content\/uploads\/2024\/03\/skargaardenlogo-1.png","contentUrl":"https:\/\/www.skargaarden.com\/wp-content\/uploads\/2024\/03\/skargaardenlogo-1.png","width":999,"height":141,"caption":"SKARGAARDEN"},"image":{"@id":"https:\/\/www.skargaarden.com\/sv\/#\/schema\/logo\/image\/"},"sameAs":["https:\/\/www.facebook.com\/skargaarden","https:\/\/www.instagram.com\/skargaarden\/","https:\/\/www.pinterest.se\/skargaarden\/"]}]}},"_links":{"self":[{"href":"https:\/\/www.skargaarden.com\/sv\/wp-json\/wp\/v2\/product\/15566"}],"collection":[{"href":"https:\/\/www.skargaarden.com\/sv\/wp-json\/wp\/v2\/product"}],"about":[{"href":"https:\/\/www.skargaarden.com\/sv\/wp-json\/wp\/v2\/types\/product"}],"wp:featuredmedia":[{"embeddable":true,"href":"https:\/\/www.skargaarden.com\/sv\/wp-json\/wp\/v2\/media\/13151"}],"wp:attachment":[{"href":"https:\/\/www.skargaarden.com\/sv\/wp-json\/wp\/v2\/media?parent=15566"}],"wp:term":[{"taxonomy":"product_cat","embeddable":true,"href":"https:\/\/www.skargaarden.com\/sv\/wp-json\/wp\/v2\/product_cat?post=15566"},{"taxonomy":"product_tag","embeddable":true,"href":"https:\/\/www.skargaarden.com\/sv\/wp-json\/wp\/v2\/product_tag?post=15566"}],"curies":[{"name":"wp","href":"https:\/\/api.w.org\/{rel}","templated":true}]}}

Lidö soffa mittsektion

<p>Lidö Mittsektion är en del av en modul loungeserie tillverkad i aluminium, med Sunbrella-dynor fyllda med QuickDry Foam. Serien erbjuder fantastisk bekvämlighet och ser fin ut både i en trädgård eller på en storstadsterrass. Dynorna ör tillgänligaa i färgen Silver Grey.</p>

<!-- This site is optimized with the Yoast SEO plugin v22.2 - https://yoast.com/wordpress/plugins/seo/ -->
<title>Lidö soffa mittsektion - SKARGAARDEN</title>
<meta name="description" content="Lidö Mittsektion är en del av en modul loungeserie tillverkad i aluminium, med Sunbrella-dynor fyllda med QuickDry Foam." />
<meta name="robots" content="index, follow, max-snippet:-1, max-image-preview:large, max-video-preview:-1" />
<link rel="canonical" href="https://www.skargaarden.com/sv/product/lido-sofa-mid-section/" />
<meta property="og:locale" content="sv_SE" />
<meta property="og:type" content="article" />
<meta property="og:title" content="Lidö soffa mittsektion - SKARGAARDEN" />
<meta property="og:description" content="Lidö Mittsektion är en del av en modul loungeserie tillverkad i aluminium, med Sunbrella-dynor fyllda med QuickDry Foam." />
<meta property="og:url" content="https://www.skargaarden.com/sv/product/lido-sofa-mid-section/" />
<meta property="og:site_name" content="SKARGAARDEN" />
<meta property="article:publisher" content="https://www.facebook.com/skargaarden" />
<meta property="article:modified_time" content="2022-06-02T07:26:22+00:00" />
<meta property="og:image" content="https://www.skargaarden.com/wp-content/uploads/2020/11/LIDO_SOFA_MID_SECTION-kopiera.jpg" />
	<meta property="og:image:width" content="2000" />
	<meta property="og:image:height" content="1333" />
	<meta property="og:image:type" content="image/jpeg" />
<meta name="twitter:card" content="summary_large_image" />
<script type="application/ld+json" class="yoast-schema-graph">{"@context":"https://schema.org","@graph":[{"@type":"WebPage","@id":"https://www.skargaarden.com/sv/product/lido-sofa-mid-section/","url":"https://www.skargaarden.com/sv/product/lido-sofa-mid-section/","name":"Lidö soffa mittsektion - SKARGAARDEN","isPartOf":{"@id":"https://www.skargaarden.com/sv/#website"},"primaryImageOfPage":{"@id":"https://www.skargaarden.com/sv/product/lido-sofa-mid-section/#primaryimage"},"image":{"@id":"https://www.skargaarden.com/sv/product/lido-sofa-mid-section/#primaryimage"},"thumbnailUrl":"https://www.skargaarden.com/wp-content/uploads/2020/11/LIDO_SOFA_MID_SECTION-kopiera.jpg","datePublished":"2022-02-21T12:07:26+00:00","dateModified":"2022-06-02T07:26:22+00:00","description":"Lidö Mittsektion är en del av en modul loungeserie tillverkad i aluminium, med Sunbrella-dynor fyllda med QuickDry Foam.","breadcrumb":{"@id":"https://www.skargaarden.com/sv/product/lido-sofa-mid-section/#breadcrumb"},"inLanguage":"sv-SE","potentialAction":[{"@type":"ReadAction","target":["https://www.skargaarden.com/sv/product/lido-sofa-mid-section/"]}]},{"@type":"ImageObject","inLanguage":"sv-SE","@id":"https://www.skargaarden.com/sv/product/lido-sofa-mid-section/#primaryimage","url":"https://www.skargaarden.com/wp-content/uploads/2020/11/LIDO_SOFA_MID_SECTION-kopiera.jpg","contentUrl":"https://www.skargaarden.com/wp-content/uploads/2020/11/LIDO_SOFA_MID_SECTION-kopiera.jpg","width":2000,"height":1333},{"@type":"BreadcrumbList","@id":"https://www.skargaarden.com/sv/product/lido-sofa-mid-section/#breadcrumb","itemListElement":[{"@type":"ListItem","position":1,"name":"Home","item":"https://www.skargaarden.com/sv/"},{"@type":"ListItem","position":2,"name":"Produkter","item":"https://www.skargaarden.com/sv/butik/"},{"@type":"ListItem","position":3,"name":"Lidö soffa mittsektion"}]},{"@type":"WebSite","@id":"https://www.skargaarden.com/sv/#website","url":"https://www.skargaarden.com/sv/","name":"SKARGAARDEN","description":"Scandinavian Outdoor Design","publisher":{"@id":"https://www.skargaarden.com/sv/#organization"},"potentialAction":[{"@type":"SearchAction","target":{"@type":"EntryPoint","urlTemplate":"https://www.skargaarden.com/sv/?s={search_term_string}"},"query-input":"required name=search_term_string"}],"inLanguage":"sv-SE"},{"@type":"Organization","@id":"https://www.skargaarden.com/sv/#organization","name":"SKARGAARDEN","url":"https://www.skargaarden.com/sv/","logo":{"@type":"ImageObject","inLanguage":"sv-SE","@id":"https://www.skargaarden.com/sv/#/schema/logo/image/","url":"https://www.skargaarden.com/wp-content/uploads/2024/03/skargaardenlogo-1.png","contentUrl":"https://www.skargaarden.com/wp-content/uploads/2024/03/skargaardenlogo-1.png","width":999,"height":141,"caption":"SKARGAARDEN"},"image":{"@id":"https://www.skargaarden.com/sv/#/schema/logo/image/"},"sameAs":["https://www.facebook.com/skargaarden","https://www.instagram.com/skargaarden/","https://www.pinterest.se/skargaarden/"]}]}</script>
<!-- / Yoast SEO plugin. -->

Lidö soffa mittsektion - SKARGAARDEN

Lidö Mittsektion är en del av en modul loungeserie tillverkad i aluminium, med Sunbrella-dynor fyllda med QuickDry Foam.
