{"id":17649,"date":"2020-11-23T16:35:05","date_gmt":"2020-11-23T15:35:05","guid":{"rendered":"https:\/\/www.skargaarden.com\/products\/uncategorized\/tumbona-kryss\/"},"modified":"2022-11-17T10:38:23","modified_gmt":"2022-11-17T09:38:23","slug":"kryss-lounge-chair-2","status":"publish","type":"product","link":"https:\/\/www.skargaarden.com\/es\/product\/kryss-lounge-chair-2\/","title":{"rendered":"Sill\u00f3n Kryss"},"content":{"rendered":"<p>El sill\u00f3n Kryss Lounge Chair de teca con tela ajustada al respaldo de cuero. Se incluyen cojines a juego. Dise\u00f1ado originalmente para una terraza en la azotea de la Embajada de Suecia en El Cairo en 1975. La edici\u00f3n en tela de lona es s\u00f3lo para uso en interiores.<\/p>\n<p><i>50% de fibra reciclada: Sunbrella <\/i><i>Patrimonio <\/i><i>Papiro, <\/i><i>Gris claro <\/i><i>Sunbrella <\/i><i>Heritage Ashe, <\/i><i>Gris Oscuro <\/i><i>Sunbrella <\/i><i>Heritage Slate, <\/i><i>Verde <\/i><i>Sunbrella <\/i><i>Heritage Leaf.<\/i><\/p>\n","protected":false},"excerpt":{"rendered":"<p>El sill\u00f3n Kryss Lounge Chair de teca con tela ajustada al respaldo de cuero. Se incluyen cojines a juego. Dise\u00f1ado originalmente para una terraza en la azotea de la Embajada de Suecia en El Cairo en 1975. La edici\u00f3n en tela de lona es s\u00f3lo para uso en interiores. 50% de fibra reciclada: Sunbrella Patrimonio [&hellip;]<\/p>\n","protected":false},"featured_media":17281,"template":"","meta":{"_acf_changed":false},"product_cat":[150],"product_tag":[],"acf":[],"yoast_head":"<!-- This site is optimized with the Yoast SEO plugin v22.2 - https:\/\/yoast.com\/wordpress\/plugins\/seo\/ -->\n<title>Sill\u00f3n Kryss - SKARGAARDEN<\/title>\n<meta name=\"description\" content=\"La silla Kryss Lounge Chair se dise\u00f1\u00f3 originalmente para una terraza en la azotea de la Embajada de Suecia en El Cairo en 1975.\" \/>\n<meta name=\"robots\" content=\"index, follow, max-snippet:-1, max-image-preview:large, max-video-preview:-1\" \/>\n<link rel=\"canonical\" href=\"https:\/\/www.skargaarden.com\/es\/product\/kryss-lounge-chair-2\/\" \/>\n<meta property=\"og:locale\" content=\"es_ES\" \/>\n<meta property=\"og:type\" content=\"article\" \/>\n<meta property=\"og:title\" content=\"Sill\u00f3n Kryss - SKARGAARDEN\" \/>\n<meta property=\"og:description\" content=\"La silla Kryss Lounge Chair se dise\u00f1\u00f3 originalmente para una terraza en la azotea de la Embajada de Suecia en El Cairo en 1975.\" \/>\n<meta property=\"og:url\" content=\"https:\/\/www.skargaarden.com\/es\/product\/kryss-lounge-chair-2\/\" \/>\n<meta property=\"og:site_name\" content=\"SKARGAARDEN\" \/>\n<meta property=\"article:publisher\" content=\"https:\/\/www.facebook.com\/skargaarden\" \/>\n<meta property=\"article:modified_time\" content=\"2022-11-17T09:38:23+00:00\" \/>\n<meta property=\"og:image\" content=\"https:\/\/www.skargaarden.com\/wp-content\/uploads\/2020\/11\/KRYSS_LOUNGE_CHAIR-kopiera.jpg\" \/>\n\t<meta property=\"og:image:width\" content=\"2000\" \/>\n\t<meta property=\"og:image:height\" content=\"1393\" \/>\n\t<meta property=\"og:image:type\" content=\"image\/jpeg\" \/>\n<meta name=\"twitter:card\" content=\"summary_large_image\" \/>\n<script type=\"application\/ld+json\" class=\"yoast-schema-graph\">{\"@context\":\"https:\/\/schema.org\",\"@graph\":[{\"@type\":\"WebPage\",\"@id\":\"https:\/\/www.skargaarden.com\/es\/product\/kryss-lounge-chair-2\/\",\"url\":\"https:\/\/www.skargaarden.com\/es\/product\/kryss-lounge-chair-2\/\",\"name\":\"Sill\u00f3n Kryss - SKARGAARDEN\",\"isPartOf\":{\"@id\":\"https:\/\/www.skargaarden.com\/es\/#website\"},\"primaryImageOfPage\":{\"@id\":\"https:\/\/www.skargaarden.com\/es\/product\/kryss-lounge-chair-2\/#primaryimage\"},\"image\":{\"@id\":\"https:\/\/www.skargaarden.com\/es\/product\/kryss-lounge-chair-2\/#primaryimage\"},\"thumbnailUrl\":\"https:\/\/www.skargaarden.com\/wp-content\/uploads\/2020\/11\/KRYSS_LOUNGE_CHAIR-kopiera.jpg\",\"datePublished\":\"2020-11-23T15:35:05+00:00\",\"dateModified\":\"2022-11-17T09:38:23+00:00\",\"description\":\"La silla Kryss Lounge Chair se dise\u00f1\u00f3 originalmente para una terraza en la azotea de la Embajada de Suecia en El Cairo en 1975.\",\"breadcrumb\":{\"@id\":\"https:\/\/www.skargaarden.com\/es\/product\/kryss-lounge-chair-2\/#breadcrumb\"},\"inLanguage\":\"es\",\"potentialAction\":[{\"@type\":\"ReadAction\",\"target\":[\"https:\/\/www.skargaarden.com\/es\/product\/kryss-lounge-chair-2\/\"]}]},{\"@type\":\"ImageObject\",\"inLanguage\":\"es\",\"@id\":\"https:\/\/www.skargaarden.com\/es\/product\/kryss-lounge-chair-2\/#primaryimage\",\"url\":\"https:\/\/www.skargaarden.com\/wp-content\/uploads\/2020\/11\/KRYSS_LOUNGE_CHAIR-kopiera.jpg\",\"contentUrl\":\"https:\/\/www.skargaarden.com\/wp-content\/uploads\/2020\/11\/KRYSS_LOUNGE_CHAIR-kopiera.jpg\",\"width\":2000,\"height\":1393},{\"@type\":\"BreadcrumbList\",\"@id\":\"https:\/\/www.skargaarden.com\/es\/product\/kryss-lounge-chair-2\/#breadcrumb\",\"itemListElement\":[{\"@type\":\"ListItem\",\"position\":1,\"name\":\"Home\",\"item\":\"https:\/\/www.skargaarden.com\/es\/\"},{\"@type\":\"ListItem\",\"position\":2,\"name\":\"Productos\",\"item\":\"https:\/\/www.skargaarden.com\/es\/productos\/\"},{\"@type\":\"ListItem\",\"position\":3,\"name\":\"Sill\u00f3n Kryss\"}]},{\"@type\":\"WebSite\",\"@id\":\"https:\/\/www.skargaarden.com\/es\/#website\",\"url\":\"https:\/\/www.skargaarden.com\/es\/\",\"name\":\"SKARGAARDEN\",\"description\":\"Scandinavian Outdoor Design\",\"publisher\":{\"@id\":\"https:\/\/www.skargaarden.com\/es\/#organization\"},\"potentialAction\":[{\"@type\":\"SearchAction\",\"target\":{\"@type\":\"EntryPoint\",\"urlTemplate\":\"https:\/\/www.skargaarden.com\/es\/?s={search_term_string}\"},\"query-input\":\"required name=search_term_string\"}],\"inLanguage\":\"es\"},{\"@type\":\"Organization\",\"@id\":\"https:\/\/www.skargaarden.com\/es\/#organization\",\"name\":\"SKARGAARDEN\",\"url\":\"https:\/\/www.skargaarden.com\/es\/\",\"logo\":{\"@type\":\"ImageObject\",\"inLanguage\":\"es\",\"@id\":\"https:\/\/www.skargaarden.com\/es\/#\/schema\/logo\/image\/\",\"url\":\"https:\/\/www.skargaarden.com\/wp-content\/uploads\/2024\/03\/skargaardenlogo-1.png\",\"contentUrl\":\"https:\/\/www.skargaarden.com\/wp-content\/uploads\/2024\/03\/skargaardenlogo-1.png\",\"width\":999,\"height\":141,\"caption\":\"SKARGAARDEN\"},\"image\":{\"@id\":\"https:\/\/www.skargaarden.com\/es\/#\/schema\/logo\/image\/\"},\"sameAs\":[\"https:\/\/www.facebook.com\/skargaarden\",\"https:\/\/www.instagram.com\/skargaarden\/\",\"https:\/\/www.pinterest.se\/skargaarden\/\"]}]}<\/script>\n<!-- \/ Yoast SEO plugin. -->","yoast_head_json":{"title":"Sill\u00f3n Kryss - SKARGAARDEN","description":"La silla Kryss Lounge Chair se dise\u00f1\u00f3 originalmente para una terraza en la azotea de la Embajada de Suecia en El Cairo en 1975.","robots":{"index":"index","follow":"follow","max-snippet":"max-snippet:-1","max-image-preview":"max-image-preview:large","max-video-preview":"max-video-preview:-1"},"canonical":"https:\/\/www.skargaarden.com\/es\/product\/kryss-lounge-chair-2\/","og_locale":"es_ES","og_type":"article","og_title":"Sill\u00f3n Kryss - SKARGAARDEN","og_description":"La silla Kryss Lounge Chair se dise\u00f1\u00f3 originalmente para una terraza en la azotea de la Embajada de Suecia en El Cairo en 1975.","og_url":"https:\/\/www.skargaarden.com\/es\/product\/kryss-lounge-chair-2\/","og_site_name":"SKARGAARDEN","article_publisher":"https:\/\/www.facebook.com\/skargaarden","article_modified_time":"2022-11-17T09:38:23+00:00","og_image":[{"width":2000,"height":1393,"url":"https:\/\/www.skargaarden.com\/wp-content\/uploads\/2020\/11\/KRYSS_LOUNGE_CHAIR-kopiera.jpg","type":"image\/jpeg"}],"twitter_card":"summary_large_image","schema":{"@context":"https:\/\/schema.org","@graph":[{"@type":"WebPage","@id":"https:\/\/www.skargaarden.com\/es\/product\/kryss-lounge-chair-2\/","url":"https:\/\/www.skargaarden.com\/es\/product\/kryss-lounge-chair-2\/","name":"Sill\u00f3n Kryss - SKARGAARDEN","isPartOf":{"@id":"https:\/\/www.skargaarden.com\/es\/#website"},"primaryImageOfPage":{"@id":"https:\/\/www.skargaarden.com\/es\/product\/kryss-lounge-chair-2\/#primaryimage"},"image":{"@id":"https:\/\/www.skargaarden.com\/es\/product\/kryss-lounge-chair-2\/#primaryimage"},"thumbnailUrl":"https:\/\/www.skargaarden.com\/wp-content\/uploads\/2020\/11\/KRYSS_LOUNGE_CHAIR-kopiera.jpg","datePublished":"2020-11-23T15:35:05+00:00","dateModified":"2022-11-17T09:38:23+00:00","description":"La silla Kryss Lounge Chair se dise\u00f1\u00f3 originalmente para una terraza en la azotea de la Embajada de Suecia en El Cairo en 1975.","breadcrumb":{"@id":"https:\/\/www.skargaarden.com\/es\/product\/kryss-lounge-chair-2\/#breadcrumb"},"inLanguage":"es","potentialAction":[{"@type":"ReadAction","target":["https:\/\/www.skargaarden.com\/es\/product\/kryss-lounge-chair-2\/"]}]},{"@type":"ImageObject","inLanguage":"es","@id":"https:\/\/www.skargaarden.com\/es\/product\/kryss-lounge-chair-2\/#primaryimage","url":"https:\/\/www.skargaarden.com\/wp-content\/uploads\/2020\/11\/KRYSS_LOUNGE_CHAIR-kopiera.jpg","contentUrl":"https:\/\/www.skargaarden.com\/wp-content\/uploads\/2020\/11\/KRYSS_LOUNGE_CHAIR-kopiera.jpg","width":2000,"height":1393},{"@type":"BreadcrumbList","@id":"https:\/\/www.skargaarden.com\/es\/product\/kryss-lounge-chair-2\/#breadcrumb","itemListElement":[{"@type":"ListItem","position":1,"name":"Home","item":"https:\/\/www.skargaarden.com\/es\/"},{"@type":"ListItem","position":2,"name":"Productos","item":"https:\/\/www.skargaarden.com\/es\/productos\/"},{"@type":"ListItem","position":3,"name":"Sill\u00f3n Kryss"}]},{"@type":"WebSite","@id":"https:\/\/www.skargaarden.com\/es\/#website","url":"https:\/\/www.skargaarden.com\/es\/","name":"SKARGAARDEN","description":"Scandinavian Outdoor Design","publisher":{"@id":"https:\/\/www.skargaarden.com\/es\/#organization"},"potentialAction":[{"@type":"SearchAction","target":{"@type":"EntryPoint","urlTemplate":"https:\/\/www.skargaarden.com\/es\/?s={search_term_string}"},"query-input":"required name=search_term_string"}],"inLanguage":"es"},{"@type":"Organization","@id":"https:\/\/www.skargaarden.com\/es\/#organization","name":"SKARGAARDEN","url":"https:\/\/www.skargaarden.com\/es\/","logo":{"@type":"ImageObject","inLanguage":"es","@id":"https:\/\/www.skargaarden.com\/es\/#\/schema\/logo\/image\/","url":"https:\/\/www.skargaarden.com\/wp-content\/uploads\/2024\/03\/skargaardenlogo-1.png","contentUrl":"https:\/\/www.skargaarden.com\/wp-content\/uploads\/2024\/03\/skargaardenlogo-1.png","width":999,"height":141,"caption":"SKARGAARDEN"},"image":{"@id":"https:\/\/www.skargaarden.com\/es\/#\/schema\/logo\/image\/"},"sameAs":["https:\/\/www.facebook.com\/skargaarden","https:\/\/www.instagram.com\/skargaarden\/","https:\/\/www.pinterest.se\/skargaarden\/"]}]}},"_links":{"self":[{"href":"https:\/\/www.skargaarden.com\/es\/wp-json\/wp\/v2\/product\/17649"}],"collection":[{"href":"https:\/\/www.skargaarden.com\/es\/wp-json\/wp\/v2\/product"}],"about":[{"href":"https:\/\/www.skargaarden.com\/es\/wp-json\/wp\/v2\/types\/product"}],"wp:featuredmedia":[{"embeddable":true,"href":"https:\/\/www.skargaarden.com\/es\/wp-json\/wp\/v2\/media\/17281"}],"wp:attachment":[{"href":"https:\/\/www.skargaarden.com\/es\/wp-json\/wp\/v2\/media?parent=17649"}],"wp:term":[{"taxonomy":"product_cat","embeddable":true,"href":"https:\/\/www.skargaarden.com\/es\/wp-json\/wp\/v2\/product_cat?post=17649"},{"taxonomy":"product_tag","embeddable":true,"href":"https:\/\/www.skargaarden.com\/es\/wp-json\/wp\/v2\/product_tag?post=17649"}],"curies":[{"name":"wp","href":"https:\/\/api.w.org\/{rel}","templated":true}]}}

Sillón Kryss

<p>El sillón Kryss Lounge Chair de teca con tela ajustada al respaldo de cuero. Se incluyen cojines a juego. Diseñado originalmente para una terraza en la azotea de la Embajada de Suecia en El Cairo en 1975. La edición en tela de lona es sólo para uso en interiores.</p>
<p><i>50% de fibra reciclada: Sunbrella </i><i>Patrimonio </i><i>Papiro, </i><i>Gris claro </i><i>Sunbrella </i><i>Heritage Ashe, </i><i>Gris Oscuro </i><i>Sunbrella </i><i>Heritage Slate, </i><i>Verde </i><i>Sunbrella </i><i>Heritage Leaf.</i></p>

<p>El sillón Kryss Lounge Chair de teca con tela ajustada al respaldo de cuero. Se incluyen cojines a juego. Diseñado originalmente para una terraza en la azotea de la Embajada de Suecia en El Cairo en 1975. La edición en tela de lona es sólo para uso en interiores. 50% de fibra reciclada: Sunbrella Patrimonio [&hellip;]</p>

<!-- This site is optimized with the Yoast SEO plugin v22.2 - https://yoast.com/wordpress/plugins/seo/ -->
<title>Sillón Kryss - SKARGAARDEN</title>
<meta name="description" content="La silla Kryss Lounge Chair se diseñó originalmente para una terraza en la azotea de la Embajada de Suecia en El Cairo en 1975." />
<meta name="robots" content="index, follow, max-snippet:-1, max-image-preview:large, max-video-preview:-1" />
<link rel="canonical" href="https://www.skargaarden.com/es/product/kryss-lounge-chair-2/" />
<meta property="og:locale" content="es_ES" />
<meta property="og:type" content="article" />
<meta property="og:title" content="Sillón Kryss - SKARGAARDEN" />
<meta property="og:description" content="La silla Kryss Lounge Chair se diseñó originalmente para una terraza en la azotea de la Embajada de Suecia en El Cairo en 1975." />
<meta property="og:url" content="https://www.skargaarden.com/es/product/kryss-lounge-chair-2/" />
<meta property="og:site_name" content="SKARGAARDEN" />
<meta property="article:publisher" content="https://www.facebook.com/skargaarden" />
<meta property="article:modified_time" content="2022-11-17T09:38:23+00:00" />
<meta property="og:image" content="https://www.skargaarden.com/wp-content/uploads/2020/11/KRYSS_LOUNGE_CHAIR-kopiera.jpg" />
	<meta property="og:image:width" content="2000" />
	<meta property="og:image:height" content="1393" />
	<meta property="og:image:type" content="image/jpeg" />
<meta name="twitter:card" content="summary_large_image" />
<script type="application/ld+json" class="yoast-schema-graph">{"@context":"https://schema.org","@graph":[{"@type":"WebPage","@id":"https://www.skargaarden.com/es/product/kryss-lounge-chair-2/","url":"https://www.skargaarden.com/es/product/kryss-lounge-chair-2/","name":"Sillón Kryss - SKARGAARDEN","isPartOf":{"@id":"https://www.skargaarden.com/es/#website"},"primaryImageOfPage":{"@id":"https://www.skargaarden.com/es/product/kryss-lounge-chair-2/#primaryimage"},"image":{"@id":"https://www.skargaarden.com/es/product/kryss-lounge-chair-2/#primaryimage"},"thumbnailUrl":"https://www.skargaarden.com/wp-content/uploads/2020/11/KRYSS_LOUNGE_CHAIR-kopiera.jpg","datePublished":"2020-11-23T15:35:05+00:00","dateModified":"2022-11-17T09:38:23+00:00","description":"La silla Kryss Lounge Chair se diseñó originalmente para una terraza en la azotea de la Embajada de Suecia en El Cairo en 1975.","breadcrumb":{"@id":"https://www.skargaarden.com/es/product/kryss-lounge-chair-2/#breadcrumb"},"inLanguage":"es","potentialAction":[{"@type":"ReadAction","target":["https://www.skargaarden.com/es/product/kryss-lounge-chair-2/"]}]},{"@type":"ImageObject","inLanguage":"es","@id":"https://www.skargaarden.com/es/product/kryss-lounge-chair-2/#primaryimage","url":"https://www.skargaarden.com/wp-content/uploads/2020/11/KRYSS_LOUNGE_CHAIR-kopiera.jpg","contentUrl":"https://www.skargaarden.com/wp-content/uploads/2020/11/KRYSS_LOUNGE_CHAIR-kopiera.jpg","width":2000,"height":1393},{"@type":"BreadcrumbList","@id":"https://www.skargaarden.com/es/product/kryss-lounge-chair-2/#breadcrumb","itemListElement":[{"@type":"ListItem","position":1,"name":"Home","item":"https://www.skargaarden.com/es/"},{"@type":"ListItem","position":2,"name":"Productos","item":"https://www.skargaarden.com/es/productos/"},{"@type":"ListItem","position":3,"name":"Sillón Kryss"}]},{"@type":"WebSite","@id":"https://www.skargaarden.com/es/#website","url":"https://www.skargaarden.com/es/","name":"SKARGAARDEN","description":"Scandinavian Outdoor Design","publisher":{"@id":"https://www.skargaarden.com/es/#organization"},"potentialAction":[{"@type":"SearchAction","target":{"@type":"EntryPoint","urlTemplate":"https://www.skargaarden.com/es/?s={search_term_string}"},"query-input":"required name=search_term_string"}],"inLanguage":"es"},{"@type":"Organization","@id":"https://www.skargaarden.com/es/#organization","name":"SKARGAARDEN","url":"https://www.skargaarden.com/es/","logo":{"@type":"ImageObject","inLanguage":"es","@id":"https://www.skargaarden.com/es/#/schema/logo/image/","url":"https://www.skargaarden.com/wp-content/uploads/2024/03/skargaardenlogo-1.png","contentUrl":"https://www.skargaarden.com/wp-content/uploads/2024/03/skargaardenlogo-1.png","width":999,"height":141,"caption":"SKARGAARDEN"},"image":{"@id":"https://www.skargaarden.com/es/#/schema/logo/image/"},"sameAs":["https://www.facebook.com/skargaarden","https://www.instagram.com/skargaarden/","https://www.pinterest.se/skargaarden/"]}]}</script>
<!-- / Yoast SEO plugin. -->

Sillón Kryss - SKARGAARDEN

La silla Kryss Lounge Chair se diseñó originalmente para una terraza en la azotea de la Embajada de Suecia en El Cairo en 1975.
