{"id":17609,"date":"2022-01-07T10:50:55","date_gmt":"2022-11-14T08:37:40","guid":{"rendered":"https:\/\/www.skargaarden.com\/products\/uncategorized\/mesa-de-comedor-koster-mediana\/"},"modified":"2024-08-05T22:38:57","modified_gmt":"2024-08-05T20:38:57","slug":"koster-mesa-comedor-media","status":"publish","type":"product","link":"https:\/\/www.skargaarden.com\/es\/product\/koster-mesa-comedor-media\/","title":{"rendered":"Mesa de comedor Koster mediana"},"content":{"rendered":"<p>La mesa de comedor Koster de tama\u00f1o mediano est\u00e1 fabricada en teca. Esta mesa de comedor fue creada para soportar cualquier clima y sobrevivir al aire libre durante cualquier temporada.<\/p>\n","protected":false},"excerpt":{"rendered":"<p>La mesa de comedor Koster de tama\u00f1o mediano est\u00e1 fabricada en teca. Esta mesa de comedor fue creada para soportar cualquier clima y sobrevivir al aire libre durante cualquier temporada.<\/p>\n","protected":false},"featured_media":17411,"template":"","meta":{"_acf_changed":false},"product_cat":[149],"product_tag":[],"acf":[],"yoast_head":"<!-- This site is optimized with the Yoast SEO plugin v22.2 - https:\/\/yoast.com\/wordpress\/plugins\/seo\/ -->\n<title>Mesa de comedor Koster mediana - SKARGAARDEN<\/title>\n<meta name=\"description\" content=\"La mesa de comedor Koster de tama\u00f1o mediano est\u00e1 fabricada en teca. Esta mesa de comedor fue creada para sobrevivir al aire libre en cualquier estaci\u00f3n del a\u00f1o.\" \/>\n<meta name=\"robots\" content=\"index, follow, max-snippet:-1, max-image-preview:large, max-video-preview:-1\" \/>\n<link rel=\"canonical\" href=\"https:\/\/www.skargaarden.com\/es\/product\/koster-mesa-comedor-media\/\" \/>\n<meta property=\"og:locale\" content=\"es_ES\" \/>\n<meta property=\"og:type\" content=\"article\" \/>\n<meta property=\"og:title\" content=\"Mesa de comedor Koster mediana - SKARGAARDEN\" \/>\n<meta property=\"og:description\" content=\"La mesa de comedor Koster de tama\u00f1o mediano est\u00e1 fabricada en teca. Esta mesa de comedor fue creada para sobrevivir al aire libre en cualquier estaci\u00f3n del a\u00f1o.\" \/>\n<meta property=\"og:url\" content=\"https:\/\/www.skargaarden.com\/es\/product\/koster-mesa-comedor-media\/\" \/>\n<meta property=\"og:site_name\" content=\"SKARGAARDEN\" \/>\n<meta property=\"article:publisher\" content=\"https:\/\/www.facebook.com\/skargaarden\" \/>\n<meta property=\"article:modified_time\" content=\"2024-08-05T20:38:57+00:00\" \/>\n<meta property=\"og:image\" content=\"https:\/\/www.skargaarden.com\/wp-content\/uploads\/2022\/01\/KOSDT164-TT.jpg\" \/>\n<meta name=\"twitter:card\" content=\"summary_large_image\" \/>\n<meta name=\"twitter:image\" content=\"https:\/\/www.skargaarden.com\/wp-content\/uploads\/2022\/01\/KOSDT164-TT.jpg\" \/>\n<meta name=\"twitter:label1\" content=\"Tiempo de lectura\" \/>\n\t<meta name=\"twitter:data1\" content=\"1 minuto\" \/>\n<script type=\"application\/ld+json\" class=\"yoast-schema-graph\">{\"@context\":\"https:\/\/schema.org\",\"@graph\":[{\"@type\":\"WebPage\",\"@id\":\"https:\/\/www.skargaarden.com\/es\/product\/koster-mesa-comedor-media\/\",\"url\":\"https:\/\/www.skargaarden.com\/es\/product\/koster-mesa-comedor-media\/\",\"name\":\"Mesa de comedor Koster mediana - SKARGAARDEN\",\"isPartOf\":{\"@id\":\"https:\/\/www.skargaarden.com\/es\/#website\"},\"primaryImageOfPage\":{\"@id\":\"https:\/\/www.skargaarden.com\/es\/product\/koster-mesa-comedor-media\/#primaryimage\"},\"image\":{\"@id\":\"https:\/\/www.skargaarden.com\/es\/product\/koster-mesa-comedor-media\/#primaryimage\"},\"thumbnailUrl\":\"https:\/\/www.skargaarden.com\/wp-content\/uploads\/2022\/01\/KOSDT164-TT.jpg\",\"datePublished\":\"2022-11-14T08:37:40+00:00\",\"dateModified\":\"2024-08-05T20:38:57+00:00\",\"description\":\"La mesa de comedor Koster de tama\u00f1o mediano est\u00e1 fabricada en teca. Esta mesa de comedor fue creada para sobrevivir al aire libre en cualquier estaci\u00f3n del a\u00f1o.\",\"breadcrumb\":{\"@id\":\"https:\/\/www.skargaarden.com\/es\/product\/koster-mesa-comedor-media\/#breadcrumb\"},\"inLanguage\":\"es\",\"potentialAction\":[{\"@type\":\"ReadAction\",\"target\":[\"https:\/\/www.skargaarden.com\/es\/product\/koster-mesa-comedor-media\/\"]}]},{\"@type\":\"ImageObject\",\"inLanguage\":\"es\",\"@id\":\"https:\/\/www.skargaarden.com\/es\/product\/koster-mesa-comedor-media\/#primaryimage\",\"url\":\"https:\/\/www.skargaarden.com\/wp-content\/uploads\/2022\/01\/KOSDT164-TT.jpg\",\"contentUrl\":\"https:\/\/www.skargaarden.com\/wp-content\/uploads\/2022\/01\/KOSDT164-TT.jpg\",\"width\":2362,\"height\":1575},{\"@type\":\"BreadcrumbList\",\"@id\":\"https:\/\/www.skargaarden.com\/es\/product\/koster-mesa-comedor-media\/#breadcrumb\",\"itemListElement\":[{\"@type\":\"ListItem\",\"position\":1,\"name\":\"Home\",\"item\":\"https:\/\/www.skargaarden.com\/es\/\"},{\"@type\":\"ListItem\",\"position\":2,\"name\":\"Productos\",\"item\":\"https:\/\/www.skargaarden.com\/es\/productos\/\"},{\"@type\":\"ListItem\",\"position\":3,\"name\":\"Mesa de comedor Koster mediana\"}]},{\"@type\":\"WebSite\",\"@id\":\"https:\/\/www.skargaarden.com\/es\/#website\",\"url\":\"https:\/\/www.skargaarden.com\/es\/\",\"name\":\"SKARGAARDEN\",\"description\":\"Scandinavian Outdoor Design\",\"publisher\":{\"@id\":\"https:\/\/www.skargaarden.com\/es\/#organization\"},\"potentialAction\":[{\"@type\":\"SearchAction\",\"target\":{\"@type\":\"EntryPoint\",\"urlTemplate\":\"https:\/\/www.skargaarden.com\/es\/?s={search_term_string}\"},\"query-input\":\"required name=search_term_string\"}],\"inLanguage\":\"es\"},{\"@type\":\"Organization\",\"@id\":\"https:\/\/www.skargaarden.com\/es\/#organization\",\"name\":\"SKARGAARDEN\",\"url\":\"https:\/\/www.skargaarden.com\/es\/\",\"logo\":{\"@type\":\"ImageObject\",\"inLanguage\":\"es\",\"@id\":\"https:\/\/www.skargaarden.com\/es\/#\/schema\/logo\/image\/\",\"url\":\"https:\/\/www.skargaarden.com\/wp-content\/uploads\/2024\/03\/skargaardenlogo-1.png\",\"contentUrl\":\"https:\/\/www.skargaarden.com\/wp-content\/uploads\/2024\/03\/skargaardenlogo-1.png\",\"width\":999,\"height\":141,\"caption\":\"SKARGAARDEN\"},\"image\":{\"@id\":\"https:\/\/www.skargaarden.com\/es\/#\/schema\/logo\/image\/\"},\"sameAs\":[\"https:\/\/www.facebook.com\/skargaarden\",\"https:\/\/www.instagram.com\/skargaarden\/\",\"https:\/\/www.pinterest.se\/skargaarden\/\"]}]}<\/script>\n<!-- \/ Yoast SEO plugin. -->","yoast_head_json":{"title":"Mesa de comedor Koster mediana - SKARGAARDEN","description":"La mesa de comedor Koster de tama\u00f1o mediano est\u00e1 fabricada en teca. Esta mesa de comedor fue creada para sobrevivir al aire libre en cualquier estaci\u00f3n del a\u00f1o.","robots":{"index":"index","follow":"follow","max-snippet":"max-snippet:-1","max-image-preview":"max-image-preview:large","max-video-preview":"max-video-preview:-1"},"canonical":"https:\/\/www.skargaarden.com\/es\/product\/koster-mesa-comedor-media\/","og_locale":"es_ES","og_type":"article","og_title":"Mesa de comedor Koster mediana - SKARGAARDEN","og_description":"La mesa de comedor Koster de tama\u00f1o mediano est\u00e1 fabricada en teca. Esta mesa de comedor fue creada para sobrevivir al aire libre en cualquier estaci\u00f3n del a\u00f1o.","og_url":"https:\/\/www.skargaarden.com\/es\/product\/koster-mesa-comedor-media\/","og_site_name":"SKARGAARDEN","article_publisher":"https:\/\/www.facebook.com\/skargaarden","article_modified_time":"2024-08-05T20:38:57+00:00","og_image":[{"url":"https:\/\/www.skargaarden.com\/wp-content\/uploads\/2022\/01\/KOSDT164-TT.jpg"}],"twitter_card":"summary_large_image","twitter_image":"https:\/\/www.skargaarden.com\/wp-content\/uploads\/2022\/01\/KOSDT164-TT.jpg","twitter_misc":{"Tiempo de lectura":"1 minuto"},"schema":{"@context":"https:\/\/schema.org","@graph":[{"@type":"WebPage","@id":"https:\/\/www.skargaarden.com\/es\/product\/koster-mesa-comedor-media\/","url":"https:\/\/www.skargaarden.com\/es\/product\/koster-mesa-comedor-media\/","name":"Mesa de comedor Koster mediana - SKARGAARDEN","isPartOf":{"@id":"https:\/\/www.skargaarden.com\/es\/#website"},"primaryImageOfPage":{"@id":"https:\/\/www.skargaarden.com\/es\/product\/koster-mesa-comedor-media\/#primaryimage"},"image":{"@id":"https:\/\/www.skargaarden.com\/es\/product\/koster-mesa-comedor-media\/#primaryimage"},"thumbnailUrl":"https:\/\/www.skargaarden.com\/wp-content\/uploads\/2022\/01\/KOSDT164-TT.jpg","datePublished":"2022-11-14T08:37:40+00:00","dateModified":"2024-08-05T20:38:57+00:00","description":"La mesa de comedor Koster de tama\u00f1o mediano est\u00e1 fabricada en teca. Esta mesa de comedor fue creada para sobrevivir al aire libre en cualquier estaci\u00f3n del a\u00f1o.","breadcrumb":{"@id":"https:\/\/www.skargaarden.com\/es\/product\/koster-mesa-comedor-media\/#breadcrumb"},"inLanguage":"es","potentialAction":[{"@type":"ReadAction","target":["https:\/\/www.skargaarden.com\/es\/product\/koster-mesa-comedor-media\/"]}]},{"@type":"ImageObject","inLanguage":"es","@id":"https:\/\/www.skargaarden.com\/es\/product\/koster-mesa-comedor-media\/#primaryimage","url":"https:\/\/www.skargaarden.com\/wp-content\/uploads\/2022\/01\/KOSDT164-TT.jpg","contentUrl":"https:\/\/www.skargaarden.com\/wp-content\/uploads\/2022\/01\/KOSDT164-TT.jpg","width":2362,"height":1575},{"@type":"BreadcrumbList","@id":"https:\/\/www.skargaarden.com\/es\/product\/koster-mesa-comedor-media\/#breadcrumb","itemListElement":[{"@type":"ListItem","position":1,"name":"Home","item":"https:\/\/www.skargaarden.com\/es\/"},{"@type":"ListItem","position":2,"name":"Productos","item":"https:\/\/www.skargaarden.com\/es\/productos\/"},{"@type":"ListItem","position":3,"name":"Mesa de comedor Koster mediana"}]},{"@type":"WebSite","@id":"https:\/\/www.skargaarden.com\/es\/#website","url":"https:\/\/www.skargaarden.com\/es\/","name":"SKARGAARDEN","description":"Scandinavian Outdoor Design","publisher":{"@id":"https:\/\/www.skargaarden.com\/es\/#organization"},"potentialAction":[{"@type":"SearchAction","target":{"@type":"EntryPoint","urlTemplate":"https:\/\/www.skargaarden.com\/es\/?s={search_term_string}"},"query-input":"required name=search_term_string"}],"inLanguage":"es"},{"@type":"Organization","@id":"https:\/\/www.skargaarden.com\/es\/#organization","name":"SKARGAARDEN","url":"https:\/\/www.skargaarden.com\/es\/","logo":{"@type":"ImageObject","inLanguage":"es","@id":"https:\/\/www.skargaarden.com\/es\/#\/schema\/logo\/image\/","url":"https:\/\/www.skargaarden.com\/wp-content\/uploads\/2024\/03\/skargaardenlogo-1.png","contentUrl":"https:\/\/www.skargaarden.com\/wp-content\/uploads\/2024\/03\/skargaardenlogo-1.png","width":999,"height":141,"caption":"SKARGAARDEN"},"image":{"@id":"https:\/\/www.skargaarden.com\/es\/#\/schema\/logo\/image\/"},"sameAs":["https:\/\/www.facebook.com\/skargaarden","https:\/\/www.instagram.com\/skargaarden\/","https:\/\/www.pinterest.se\/skargaarden\/"]}]}},"_links":{"self":[{"href":"https:\/\/www.skargaarden.com\/es\/wp-json\/wp\/v2\/product\/17609"}],"collection":[{"href":"https:\/\/www.skargaarden.com\/es\/wp-json\/wp\/v2\/product"}],"about":[{"href":"https:\/\/www.skargaarden.com\/es\/wp-json\/wp\/v2\/types\/product"}],"wp:featuredmedia":[{"embeddable":true,"href":"https:\/\/www.skargaarden.com\/es\/wp-json\/wp\/v2\/media\/17411"}],"wp:attachment":[{"href":"https:\/\/www.skargaarden.com\/es\/wp-json\/wp\/v2\/media?parent=17609"}],"wp:term":[{"taxonomy":"product_cat","embeddable":true,"href":"https:\/\/www.skargaarden.com\/es\/wp-json\/wp\/v2\/product_cat?post=17609"},{"taxonomy":"product_tag","embeddable":true,"href":"https:\/\/www.skargaarden.com\/es\/wp-json\/wp\/v2\/product_tag?post=17609"}],"curies":[{"name":"wp","href":"https:\/\/api.w.org\/{rel}","templated":true}]}}

<p>La mesa de comedor Koster de tamaño mediano está fabricada en teca. Esta mesa de comedor fue creada para soportar cualquier clima y sobrevivir al aire libre durante cualquier temporada.</p>

<!-- This site is optimized with the Yoast SEO plugin v22.2 - https://yoast.com/wordpress/plugins/seo/ -->
<title>Mesa de comedor Koster mediana - SKARGAARDEN</title>
<meta name="description" content="La mesa de comedor Koster de tamaño mediano está fabricada en teca. Esta mesa de comedor fue creada para sobrevivir al aire libre en cualquier estación del año." />
<meta name="robots" content="index, follow, max-snippet:-1, max-image-preview:large, max-video-preview:-1" />
<link rel="canonical" href="https://www.skargaarden.com/es/product/koster-mesa-comedor-media/" />
<meta property="og:locale" content="es_ES" />
<meta property="og:type" content="article" />
<meta property="og:title" content="Mesa de comedor Koster mediana - SKARGAARDEN" />
<meta property="og:description" content="La mesa de comedor Koster de tamaño mediano está fabricada en teca. Esta mesa de comedor fue creada para sobrevivir al aire libre en cualquier estación del año." />
<meta property="og:url" content="https://www.skargaarden.com/es/product/koster-mesa-comedor-media/" />
<meta property="og:site_name" content="SKARGAARDEN" />
<meta property="article:publisher" content="https://www.facebook.com/skargaarden" />
<meta property="article:modified_time" content="2024-08-05T20:38:57+00:00" />
<meta property="og:image" content="https://www.skargaarden.com/wp-content/uploads/2022/01/KOSDT164-TT.jpg" />
<meta name="twitter:card" content="summary_large_image" />
<meta name="twitter:image" content="https://www.skargaarden.com/wp-content/uploads/2022/01/KOSDT164-TT.jpg" />
<meta name="twitter:label1" content="Tiempo de lectura" />
	<meta name="twitter:data1" content="1 minuto" />
<script type="application/ld+json" class="yoast-schema-graph">{"@context":"https://schema.org","@graph":[{"@type":"WebPage","@id":"https://www.skargaarden.com/es/product/koster-mesa-comedor-media/","url":"https://www.skargaarden.com/es/product/koster-mesa-comedor-media/","name":"Mesa de comedor Koster mediana - SKARGAARDEN","isPartOf":{"@id":"https://www.skargaarden.com/es/#website"},"primaryImageOfPage":{"@id":"https://www.skargaarden.com/es/product/koster-mesa-comedor-media/#primaryimage"},"image":{"@id":"https://www.skargaarden.com/es/product/koster-mesa-comedor-media/#primaryimage"},"thumbnailUrl":"https://www.skargaarden.com/wp-content/uploads/2022/01/KOSDT164-TT.jpg","datePublished":"2022-11-14T08:37:40+00:00","dateModified":"2024-08-05T20:38:57+00:00","description":"La mesa de comedor Koster de tamaño mediano está fabricada en teca. Esta mesa de comedor fue creada para sobrevivir al aire libre en cualquier estación del año.","breadcrumb":{"@id":"https://www.skargaarden.com/es/product/koster-mesa-comedor-media/#breadcrumb"},"inLanguage":"es","potentialAction":[{"@type":"ReadAction","target":["https://www.skargaarden.com/es/product/koster-mesa-comedor-media/"]}]},{"@type":"ImageObject","inLanguage":"es","@id":"https://www.skargaarden.com/es/product/koster-mesa-comedor-media/#primaryimage","url":"https://www.skargaarden.com/wp-content/uploads/2022/01/KOSDT164-TT.jpg","contentUrl":"https://www.skargaarden.com/wp-content/uploads/2022/01/KOSDT164-TT.jpg","width":2362,"height":1575},{"@type":"BreadcrumbList","@id":"https://www.skargaarden.com/es/product/koster-mesa-comedor-media/#breadcrumb","itemListElement":[{"@type":"ListItem","position":1,"name":"Home","item":"https://www.skargaarden.com/es/"},{"@type":"ListItem","position":2,"name":"Productos","item":"https://www.skargaarden.com/es/productos/"},{"@type":"ListItem","position":3,"name":"Mesa de comedor Koster mediana"}]},{"@type":"WebSite","@id":"https://www.skargaarden.com/es/#website","url":"https://www.skargaarden.com/es/","name":"SKARGAARDEN","description":"Scandinavian Outdoor Design","publisher":{"@id":"https://www.skargaarden.com/es/#organization"},"potentialAction":[{"@type":"SearchAction","target":{"@type":"EntryPoint","urlTemplate":"https://www.skargaarden.com/es/?s={search_term_string}"},"query-input":"required name=search_term_string"}],"inLanguage":"es"},{"@type":"Organization","@id":"https://www.skargaarden.com/es/#organization","name":"SKARGAARDEN","url":"https://www.skargaarden.com/es/","logo":{"@type":"ImageObject","inLanguage":"es","@id":"https://www.skargaarden.com/es/#/schema/logo/image/","url":"https://www.skargaarden.com/wp-content/uploads/2024/03/skargaardenlogo-1.png","contentUrl":"https://www.skargaarden.com/wp-content/uploads/2024/03/skargaardenlogo-1.png","width":999,"height":141,"caption":"SKARGAARDEN"},"image":{"@id":"https://www.skargaarden.com/es/#/schema/logo/image/"},"sameAs":["https://www.facebook.com/skargaarden","https://www.instagram.com/skargaarden/","https://www.pinterest.se/skargaarden/"]}]}</script>
<!-- / Yoast SEO plugin. -->

La mesa de comedor Koster de tamaño mediano está fabricada en teca. Esta mesa de comedor fue creada para sobrevivir al aire libre en cualquier estación del año.
