{"id":17542,"date":"2022-11-10T12:27:00","date_gmt":"2022-11-10T11:27:00","guid":{"rendered":"https:\/\/www.skargaarden.com\/inspirations\/viken-primavera-20\/"},"modified":"2022-11-10T12:27:00","modified_gmt":"2022-11-10T11:27:00","slug":"viken-primavera-20","status":"publish","type":"inspirations","link":"https:\/\/www.skargaarden.com\/es\/inspiraciones\/viken-primavera-20\/","title":{"rendered":"Viken primavera 20"},"content":{"rendered":"<p><strong>Como se vio en el MoMa en 1985. Los que saben, saben.<\/strong><\/p>\n<p>Aparte de la comunidad mundial de aficionados al dise\u00f1o, no mucha gente sabe que la silla <a href=\"https:\/\/www.skargaarden.com\/es\/products\/chairs-es\/viken-silla\/\">Viken<\/a> de Skargaarden, de <a href=\"https:\/\/www.skargaarden.com\/es\/designers\/gunilla-norin-2\/\">Gunilla Norin<\/a>, es <em>la<\/em> silla plegable de teca. Viken es la palabra sueca que significa bah\u00eda, y tambi\u00e9n es el nombre de un peque\u00f1o pueblo de la costa occidental sueca.<\/p>\n<p>Si es cierto que la imitaci\u00f3n es la forma m\u00e1s sincera de adulaci\u00f3n, es poco probable que alguna silla haya sido halagada tanto como Viken. Cuando Gunilla Norin la dise\u00f1\u00f3 en 1983, quer\u00eda una silla pr\u00e1ctica y c\u00f3moda para su balc\u00f3n. As\u00ed que hizo uno. Viken es la esencia misma de una idea que, en retrospectiva, resulta tan obvia que parece muy sencilla: superponer los listones, de modo que el asiento pueda plegarse. Pero la estructura es inusual, ya que est\u00e1 hecha completamente de madera.<\/p>\n<p>No hay tornillos, ni marco, ni varillas met\u00e1licas. Lo que ves es lo que tienes. Y lo que ves es teca. Durante los \u00faltimos treinta a\u00f1os, las imitaciones, las copias y los mimetismos se han multiplicado. Algunos creen que es la m\u00e1s copiada de todas las sillas. Y bien podr\u00eda ser el caso. Cuando compras Viken, est\u00e1s comprando el original. Y es un original extremadamente c\u00f3modo para sentarse. Menos mal que Gunilla no se limit\u00f3 a comprar una silla ese fat\u00eddico d\u00eda.<\/p>\n<p>Los orgullosos propietarios de Viken a\u00fan conservan sus sillas originales de entonces, lo que demuestra que invertir en el dise\u00f1o original es un dinero bien gastado. Gracias por tomarse el tiempo de leer esto, le deseamos un buen fin de semana. Tanto si lo pasas en una silla Viken como si no.<\/p>\n","protected":false},"featured_media":17022,"template":"","acf":[],"yoast_head":"<!-- This site is optimized with the Yoast SEO plugin v22.2 - https:\/\/yoast.com\/wordpress\/plugins\/seo\/ -->\n<title>Viken primavera 20 - SKARGAARDEN<\/title>\n<meta name=\"robots\" content=\"index, follow, max-snippet:-1, max-image-preview:large, max-video-preview:-1\" \/>\n<link rel=\"canonical\" href=\"https:\/\/www.skargaarden.com\/es\/inspiraciones\/viken-primavera-20\/\" \/>\n<meta property=\"og:locale\" content=\"es_ES\" \/>\n<meta property=\"og:type\" content=\"article\" \/>\n<meta property=\"og:title\" content=\"Viken primavera 20 - SKARGAARDEN\" \/>\n<meta property=\"og:description\" content=\"Como se vio en el MoMa en 1985. Los que saben, saben. Aparte de la comunidad mundial de aficionados al dise\u00f1o, no mucha gente sabe que la silla Viken de Skargaarden, de Gunilla Norin, es la silla plegable de teca. Viken es la palabra sueca que significa bah\u00eda, y tambi\u00e9n es el nombre de un [&hellip;]\" \/>\n<meta property=\"og:url\" content=\"https:\/\/www.skargaarden.com\/es\/inspiraciones\/viken-primavera-20\/\" \/>\n<meta property=\"og:site_name\" content=\"SKARGAARDEN\" \/>\n<meta property=\"article:publisher\" content=\"https:\/\/www.facebook.com\/skargaarden\" \/>\n<meta property=\"og:image\" content=\"https:\/\/www.skargaarden.com\/wp-content\/uploads\/2020\/10\/VIKEN_CHAIR_2-942x1200.jpg\" \/>\n\t<meta property=\"og:image:width\" content=\"942\" \/>\n\t<meta property=\"og:image:height\" content=\"1200\" \/>\n\t<meta property=\"og:image:type\" content=\"image\/jpeg\" \/>\n<meta name=\"twitter:card\" content=\"summary_large_image\" \/>\n<meta name=\"twitter:label1\" content=\"Tiempo de lectura\" \/>\n\t<meta name=\"twitter:data1\" content=\"2 minutos\" \/>\n<script type=\"application\/ld+json\" class=\"yoast-schema-graph\">{\"@context\":\"https:\/\/schema.org\",\"@graph\":[{\"@type\":\"WebPage\",\"@id\":\"https:\/\/www.skargaarden.com\/es\/inspiraciones\/viken-primavera-20\/\",\"url\":\"https:\/\/www.skargaarden.com\/es\/inspiraciones\/viken-primavera-20\/\",\"name\":\"Viken primavera 20 - SKARGAARDEN\",\"isPartOf\":{\"@id\":\"https:\/\/www.skargaarden.com\/es\/#website\"},\"primaryImageOfPage\":{\"@id\":\"https:\/\/www.skargaarden.com\/es\/inspiraciones\/viken-primavera-20\/#primaryimage\"},\"image\":{\"@id\":\"https:\/\/www.skargaarden.com\/es\/inspiraciones\/viken-primavera-20\/#primaryimage\"},\"thumbnailUrl\":\"https:\/\/www.skargaarden.com\/wp-content\/uploads\/2020\/10\/VIKEN_CHAIR_2.jpg\",\"datePublished\":\"2022-11-10T11:27:00+00:00\",\"dateModified\":\"2022-11-10T11:27:00+00:00\",\"breadcrumb\":{\"@id\":\"https:\/\/www.skargaarden.com\/es\/inspiraciones\/viken-primavera-20\/#breadcrumb\"},\"inLanguage\":\"es\",\"potentialAction\":[{\"@type\":\"ReadAction\",\"target\":[\"https:\/\/www.skargaarden.com\/es\/inspiraciones\/viken-primavera-20\/\"]}]},{\"@type\":\"ImageObject\",\"inLanguage\":\"es\",\"@id\":\"https:\/\/www.skargaarden.com\/es\/inspiraciones\/viken-primavera-20\/#primaryimage\",\"url\":\"https:\/\/www.skargaarden.com\/wp-content\/uploads\/2020\/10\/VIKEN_CHAIR_2.jpg\",\"contentUrl\":\"https:\/\/www.skargaarden.com\/wp-content\/uploads\/2020\/10\/VIKEN_CHAIR_2.jpg\",\"width\":2000,\"height\":2547},{\"@type\":\"BreadcrumbList\",\"@id\":\"https:\/\/www.skargaarden.com\/es\/inspiraciones\/viken-primavera-20\/#breadcrumb\",\"itemListElement\":[{\"@type\":\"ListItem\",\"position\":1,\"name\":\"Home\",\"item\":\"https:\/\/www.skargaarden.com\/es\/\"},{\"@type\":\"ListItem\",\"position\":2,\"name\":\"Viken primavera 20\"}]},{\"@type\":\"WebSite\",\"@id\":\"https:\/\/www.skargaarden.com\/es\/#website\",\"url\":\"https:\/\/www.skargaarden.com\/es\/\",\"name\":\"SKARGAARDEN\",\"description\":\"Scandinavian Outdoor Design\",\"publisher\":{\"@id\":\"https:\/\/www.skargaarden.com\/es\/#organization\"},\"potentialAction\":[{\"@type\":\"SearchAction\",\"target\":{\"@type\":\"EntryPoint\",\"urlTemplate\":\"https:\/\/www.skargaarden.com\/es\/?s={search_term_string}\"},\"query-input\":\"required name=search_term_string\"}],\"inLanguage\":\"es\"},{\"@type\":\"Organization\",\"@id\":\"https:\/\/www.skargaarden.com\/es\/#organization\",\"name\":\"SKARGAARDEN\",\"url\":\"https:\/\/www.skargaarden.com\/es\/\",\"logo\":{\"@type\":\"ImageObject\",\"inLanguage\":\"es\",\"@id\":\"https:\/\/www.skargaarden.com\/es\/#\/schema\/logo\/image\/\",\"url\":\"https:\/\/www.skargaarden.com\/wp-content\/uploads\/2024\/03\/skargaardenlogo-1.png\",\"contentUrl\":\"https:\/\/www.skargaarden.com\/wp-content\/uploads\/2024\/03\/skargaardenlogo-1.png\",\"width\":999,\"height\":141,\"caption\":\"SKARGAARDEN\"},\"image\":{\"@id\":\"https:\/\/www.skargaarden.com\/es\/#\/schema\/logo\/image\/\"},\"sameAs\":[\"https:\/\/www.facebook.com\/skargaarden\",\"https:\/\/www.instagram.com\/skargaarden\/\",\"https:\/\/www.pinterest.se\/skargaarden\/\"]}]}<\/script>\n<!-- \/ Yoast SEO plugin. -->","yoast_head_json":{"title":"Viken primavera 20 - SKARGAARDEN","robots":{"index":"index","follow":"follow","max-snippet":"max-snippet:-1","max-image-preview":"max-image-preview:large","max-video-preview":"max-video-preview:-1"},"canonical":"https:\/\/www.skargaarden.com\/es\/inspiraciones\/viken-primavera-20\/","og_locale":"es_ES","og_type":"article","og_title":"Viken primavera 20 - SKARGAARDEN","og_description":"Como se vio en el MoMa en 1985. Los que saben, saben. Aparte de la comunidad mundial de aficionados al dise\u00f1o, no mucha gente sabe que la silla Viken de Skargaarden, de Gunilla Norin, es la silla plegable de teca. Viken es la palabra sueca que significa bah\u00eda, y tambi\u00e9n es el nombre de un [&hellip;]","og_url":"https:\/\/www.skargaarden.com\/es\/inspiraciones\/viken-primavera-20\/","og_site_name":"SKARGAARDEN","article_publisher":"https:\/\/www.facebook.com\/skargaarden","og_image":[{"width":942,"height":1200,"url":"https:\/\/www.skargaarden.com\/wp-content\/uploads\/2020\/10\/VIKEN_CHAIR_2-942x1200.jpg","type":"image\/jpeg"}],"twitter_card":"summary_large_image","twitter_misc":{"Tiempo de lectura":"2 minutos"},"schema":{"@context":"https:\/\/schema.org","@graph":[{"@type":"WebPage","@id":"https:\/\/www.skargaarden.com\/es\/inspiraciones\/viken-primavera-20\/","url":"https:\/\/www.skargaarden.com\/es\/inspiraciones\/viken-primavera-20\/","name":"Viken primavera 20 - SKARGAARDEN","isPartOf":{"@id":"https:\/\/www.skargaarden.com\/es\/#website"},"primaryImageOfPage":{"@id":"https:\/\/www.skargaarden.com\/es\/inspiraciones\/viken-primavera-20\/#primaryimage"},"image":{"@id":"https:\/\/www.skargaarden.com\/es\/inspiraciones\/viken-primavera-20\/#primaryimage"},"thumbnailUrl":"https:\/\/www.skargaarden.com\/wp-content\/uploads\/2020\/10\/VIKEN_CHAIR_2.jpg","datePublished":"2022-11-10T11:27:00+00:00","dateModified":"2022-11-10T11:27:00+00:00","breadcrumb":{"@id":"https:\/\/www.skargaarden.com\/es\/inspiraciones\/viken-primavera-20\/#breadcrumb"},"inLanguage":"es","potentialAction":[{"@type":"ReadAction","target":["https:\/\/www.skargaarden.com\/es\/inspiraciones\/viken-primavera-20\/"]}]},{"@type":"ImageObject","inLanguage":"es","@id":"https:\/\/www.skargaarden.com\/es\/inspiraciones\/viken-primavera-20\/#primaryimage","url":"https:\/\/www.skargaarden.com\/wp-content\/uploads\/2020\/10\/VIKEN_CHAIR_2.jpg","contentUrl":"https:\/\/www.skargaarden.com\/wp-content\/uploads\/2020\/10\/VIKEN_CHAIR_2.jpg","width":2000,"height":2547},{"@type":"BreadcrumbList","@id":"https:\/\/www.skargaarden.com\/es\/inspiraciones\/viken-primavera-20\/#breadcrumb","itemListElement":[{"@type":"ListItem","position":1,"name":"Home","item":"https:\/\/www.skargaarden.com\/es\/"},{"@type":"ListItem","position":2,"name":"Viken primavera 20"}]},{"@type":"WebSite","@id":"https:\/\/www.skargaarden.com\/es\/#website","url":"https:\/\/www.skargaarden.com\/es\/","name":"SKARGAARDEN","description":"Scandinavian Outdoor Design","publisher":{"@id":"https:\/\/www.skargaarden.com\/es\/#organization"},"potentialAction":[{"@type":"SearchAction","target":{"@type":"EntryPoint","urlTemplate":"https:\/\/www.skargaarden.com\/es\/?s={search_term_string}"},"query-input":"required name=search_term_string"}],"inLanguage":"es"},{"@type":"Organization","@id":"https:\/\/www.skargaarden.com\/es\/#organization","name":"SKARGAARDEN","url":"https:\/\/www.skargaarden.com\/es\/","logo":{"@type":"ImageObject","inLanguage":"es","@id":"https:\/\/www.skargaarden.com\/es\/#\/schema\/logo\/image\/","url":"https:\/\/www.skargaarden.com\/wp-content\/uploads\/2024\/03\/skargaardenlogo-1.png","contentUrl":"https:\/\/www.skargaarden.com\/wp-content\/uploads\/2024\/03\/skargaardenlogo-1.png","width":999,"height":141,"caption":"SKARGAARDEN"},"image":{"@id":"https:\/\/www.skargaarden.com\/es\/#\/schema\/logo\/image\/"},"sameAs":["https:\/\/www.facebook.com\/skargaarden","https:\/\/www.instagram.com\/skargaarden\/","https:\/\/www.pinterest.se\/skargaarden\/"]}]}},"_links":{"self":[{"href":"https:\/\/www.skargaarden.com\/es\/wp-json\/wp\/v2\/inspirations\/17542"}],"collection":[{"href":"https:\/\/www.skargaarden.com\/es\/wp-json\/wp\/v2\/inspirations"}],"about":[{"href":"https:\/\/www.skargaarden.com\/es\/wp-json\/wp\/v2\/types\/inspirations"}],"wp:featuredmedia":[{"embeddable":true,"href":"https:\/\/www.skargaarden.com\/es\/wp-json\/wp\/v2\/media\/17022"}],"wp:attachment":[{"href":"https:\/\/www.skargaarden.com\/es\/wp-json\/wp\/v2\/media?parent=17542"}],"curies":[{"name":"wp","href":"https:\/\/api.w.org\/{rel}","templated":true}]}}

<p><strong>Como se vio en el MoMa en 1985. Los que saben, saben.</strong></p>
<p>Aparte de la comunidad mundial de aficionados al diseño, no mucha gente sabe que la silla <a href="https://www.skargaarden.com/es/products/chairs-es/viken-silla/">Viken</a> de Skargaarden, de <a href="https://www.skargaarden.com/es/designers/gunilla-norin-2/">Gunilla Norin</a>, es <em>la</em> silla plegable de teca. Viken es la palabra sueca que significa bahía, y también es el nombre de un pequeño pueblo de la costa occidental sueca.</p>
<p>Si es cierto que la imitación es la forma más sincera de adulación, es poco probable que alguna silla haya sido halagada tanto como Viken. Cuando Gunilla Norin la diseñó en 1983, quería una silla práctica y cómoda para su balcón. Así que hizo uno. Viken es la esencia misma de una idea que, en retrospectiva, resulta tan obvia que parece muy sencilla: superponer los listones, de modo que el asiento pueda plegarse. Pero la estructura es inusual, ya que está hecha completamente de madera.</p>
<p>No hay tornillos, ni marco, ni varillas metálicas. Lo que ves es lo que tienes. Y lo que ves es teca. Durante los últimos treinta años, las imitaciones, las copias y los mimetismos se han multiplicado. Algunos creen que es la más copiada de todas las sillas. Y bien podría ser el caso. Cuando compras Viken, estás comprando el original. Y es un original extremadamente cómodo para sentarse. Menos mal que Gunilla no se limitó a comprar una silla ese fatídico día.</p>
<p>Los orgullosos propietarios de Viken aún conservan sus sillas originales de entonces, lo que demuestra que invertir en el diseño original es un dinero bien gastado. Gracias por tomarse el tiempo de leer esto, le deseamos un buen fin de semana. Tanto si lo pasas en una silla Viken como si no.</p>

<!-- This site is optimized with the Yoast SEO plugin v22.2 - https://yoast.com/wordpress/plugins/seo/ -->
<title>Viken primavera 20 - SKARGAARDEN</title>
<meta name="robots" content="index, follow, max-snippet:-1, max-image-preview:large, max-video-preview:-1" />
<link rel="canonical" href="https://www.skargaarden.com/es/inspiraciones/viken-primavera-20/" />
<meta property="og:locale" content="es_ES" />
<meta property="og:type" content="article" />
<meta property="og:title" content="Viken primavera 20 - SKARGAARDEN" />
<meta property="og:description" content="Como se vio en el MoMa en 1985. Los que saben, saben. Aparte de la comunidad mundial de aficionados al diseño, no mucha gente sabe que la silla Viken de Skargaarden, de Gunilla Norin, es la silla plegable de teca. Viken es la palabra sueca que significa bahía, y también es el nombre de un [&hellip;]" />
<meta property="og:url" content="https://www.skargaarden.com/es/inspiraciones/viken-primavera-20/" />
<meta property="og:site_name" content="SKARGAARDEN" />
<meta property="article:publisher" content="https://www.facebook.com/skargaarden" />
<meta property="og:image" content="https://www.skargaarden.com/wp-content/uploads/2020/10/VIKEN_CHAIR_2-942x1200.jpg" />
	<meta property="og:image:width" content="942" />
	<meta property="og:image:height" content="1200" />
	<meta property="og:image:type" content="image/jpeg" />
<meta name="twitter:card" content="summary_large_image" />
<meta name="twitter:label1" content="Tiempo de lectura" />
	<meta name="twitter:data1" content="2 minutos" />
<script type="application/ld+json" class="yoast-schema-graph">{"@context":"https://schema.org","@graph":[{"@type":"WebPage","@id":"https://www.skargaarden.com/es/inspiraciones/viken-primavera-20/","url":"https://www.skargaarden.com/es/inspiraciones/viken-primavera-20/","name":"Viken primavera 20 - SKARGAARDEN","isPartOf":{"@id":"https://www.skargaarden.com/es/#website"},"primaryImageOfPage":{"@id":"https://www.skargaarden.com/es/inspiraciones/viken-primavera-20/#primaryimage"},"image":{"@id":"https://www.skargaarden.com/es/inspiraciones/viken-primavera-20/#primaryimage"},"thumbnailUrl":"https://www.skargaarden.com/wp-content/uploads/2020/10/VIKEN_CHAIR_2.jpg","datePublished":"2022-11-10T11:27:00+00:00","dateModified":"2022-11-10T11:27:00+00:00","breadcrumb":{"@id":"https://www.skargaarden.com/es/inspiraciones/viken-primavera-20/#breadcrumb"},"inLanguage":"es","potentialAction":[{"@type":"ReadAction","target":["https://www.skargaarden.com/es/inspiraciones/viken-primavera-20/"]}]},{"@type":"ImageObject","inLanguage":"es","@id":"https://www.skargaarden.com/es/inspiraciones/viken-primavera-20/#primaryimage","url":"https://www.skargaarden.com/wp-content/uploads/2020/10/VIKEN_CHAIR_2.jpg","contentUrl":"https://www.skargaarden.com/wp-content/uploads/2020/10/VIKEN_CHAIR_2.jpg","width":2000,"height":2547},{"@type":"BreadcrumbList","@id":"https://www.skargaarden.com/es/inspiraciones/viken-primavera-20/#breadcrumb","itemListElement":[{"@type":"ListItem","position":1,"name":"Home","item":"https://www.skargaarden.com/es/"},{"@type":"ListItem","position":2,"name":"Viken primavera 20"}]},{"@type":"WebSite","@id":"https://www.skargaarden.com/es/#website","url":"https://www.skargaarden.com/es/","name":"SKARGAARDEN","description":"Scandinavian Outdoor Design","publisher":{"@id":"https://www.skargaarden.com/es/#organization"},"potentialAction":[{"@type":"SearchAction","target":{"@type":"EntryPoint","urlTemplate":"https://www.skargaarden.com/es/?s={search_term_string}"},"query-input":"required name=search_term_string"}],"inLanguage":"es"},{"@type":"Organization","@id":"https://www.skargaarden.com/es/#organization","name":"SKARGAARDEN","url":"https://www.skargaarden.com/es/","logo":{"@type":"ImageObject","inLanguage":"es","@id":"https://www.skargaarden.com/es/#/schema/logo/image/","url":"https://www.skargaarden.com/wp-content/uploads/2024/03/skargaardenlogo-1.png","contentUrl":"https://www.skargaarden.com/wp-content/uploads/2024/03/skargaardenlogo-1.png","width":999,"height":141,"caption":"SKARGAARDEN"},"image":{"@id":"https://www.skargaarden.com/es/#/schema/logo/image/"},"sameAs":["https://www.facebook.com/skargaarden","https://www.instagram.com/skargaarden/","https://www.pinterest.se/skargaarden/"]}]}</script>
<!-- / Yoast SEO plugin. -->

Como se vio en el MoMa en 1985. Los que saben, saben. Aparte de la comunidad mundial de aficionados al diseño, no mucha gente sabe que la silla Viken de Skargaarden, de Gunilla Norin, es la silla plegable de teca. Viken es la palabra sueca que significa bahía, y también es el nombre de un [&hellip;]
