{"id":18197,"date":"2022-12-22T09:57:08","date_gmt":"2022-12-22T08:57:08","guid":{"rendered":"https:\/\/www.skargaarden.com\/referencesproject\/haus-im-libanon-abgebildet-in-elle-decor-usa\/"},"modified":"2022-12-22T09:57:08","modified_gmt":"2022-12-22T08:57:08","slug":"haus-im-libanon-abgebildet-in-elle-decor-usa","status":"publish","type":"referencesproject","link":"https:\/\/www.skargaarden.com\/de\/referencesproject\/haus-im-libanon-abgebildet-in-elle-decor-usa\/","title":{"rendered":"HAUS IM LIBANON, ABGEBILDET IN ELLE DECOR USA"},"content":{"rendered":"<div class=\"css-1k6rb78 exadjwu6\">\n<p>HAUS IM LIBANON, ABGEBILDET IN ELLE DECOR USA.<\/p>\n<p>Am Rande des Mittelmeers hat Raed Abillama (Architekt) die Einrichtung so gestaltet, dass sie im Vergleich zu den atemberaubenden Aussichten die zweite Geige spielt. Er wohnt mit seiner Familie in diesem Haus, und als Esszimmerm\u00f6bel f\u00fcr drau\u00dfen haben sie <a href=\"https:\/\/www.skargaarden.com\/de\/collections\/oxno-2\/\">Oxn\u00f6<\/a> von Skargaarden gew\u00e4hlt.<\/p>\n<\/div>\n","protected":false},"featured_media":18152,"template":"","categories":[96],"tags":[],"acf":[],"yoast_head":"<!-- This site is optimized with the Yoast SEO plugin v22.2 - https:\/\/yoast.com\/wordpress\/plugins\/seo\/ -->\n<title>HAUS IM LIBANON, ABGEBILDET IN ELLE DECOR USA - SKARGAARDEN<\/title>\n<meta name=\"description\" content=\"HAUS IM LIBANON, ABGEBILDET IN ELLE DECOR USA. Raed Abillama (Architekt) w\u00e4hlte das Oxn\u00f6 von Skargaarden f\u00fcr das Essen im Freien.\" \/>\n<meta name=\"robots\" content=\"index, follow, max-snippet:-1, max-image-preview:large, max-video-preview:-1\" \/>\n<link rel=\"canonical\" href=\"https:\/\/www.skargaarden.com\/de\/referencesproject\/haus-im-libanon-abgebildet-in-elle-decor-usa\/\" \/>\n<meta property=\"og:locale\" content=\"de_DE\" \/>\n<meta property=\"og:type\" content=\"article\" \/>\n<meta property=\"og:title\" content=\"HAUS IM LIBANON, ABGEBILDET IN ELLE DECOR USA - SKARGAARDEN\" \/>\n<meta property=\"og:description\" content=\"HAUS IM LIBANON, ABGEBILDET IN ELLE DECOR USA. Raed Abillama (Architekt) w\u00e4hlte das Oxn\u00f6 von Skargaarden f\u00fcr das Essen im Freien.\" \/>\n<meta property=\"og:url\" content=\"https:\/\/www.skargaarden.com\/de\/referencesproject\/haus-im-libanon-abgebildet-in-elle-decor-usa\/\" \/>\n<meta property=\"og:site_name\" content=\"SKARGAARDEN\" \/>\n<meta property=\"article:publisher\" content=\"https:\/\/www.facebook.com\/skargaarden\" \/>\n<meta property=\"og:image\" content=\"https:\/\/www.skargaarden.com\/wp-content\/uploads\/2022\/11\/Ska\u0308rmavbild-2022-11-25-kl.-11.09.42.png\" \/>\n\t<meta property=\"og:image:width\" content=\"1200\" \/>\n\t<meta property=\"og:image:height\" content=\"613\" \/>\n\t<meta property=\"og:image:type\" content=\"image\/png\" \/>\n<meta name=\"twitter:card\" content=\"summary_large_image\" \/>\n<script type=\"application\/ld+json\" class=\"yoast-schema-graph\">{\"@context\":\"https:\/\/schema.org\",\"@graph\":[{\"@type\":\"WebPage\",\"@id\":\"https:\/\/www.skargaarden.com\/de\/referencesproject\/haus-im-libanon-abgebildet-in-elle-decor-usa\/\",\"url\":\"https:\/\/www.skargaarden.com\/de\/referencesproject\/haus-im-libanon-abgebildet-in-elle-decor-usa\/\",\"name\":\"HAUS IM LIBANON, ABGEBILDET IN ELLE DECOR USA - SKARGAARDEN\",\"isPartOf\":{\"@id\":\"https:\/\/www.skargaarden.com\/de\/#website\"},\"primaryImageOfPage\":{\"@id\":\"https:\/\/www.skargaarden.com\/de\/referencesproject\/haus-im-libanon-abgebildet-in-elle-decor-usa\/#primaryimage\"},\"image\":{\"@id\":\"https:\/\/www.skargaarden.com\/de\/referencesproject\/haus-im-libanon-abgebildet-in-elle-decor-usa\/#primaryimage\"},\"thumbnailUrl\":\"https:\/\/www.skargaarden.com\/wp-content\/uploads\/2022\/11\/Ska\u0308rmavbild-2022-11-25-kl.-11.09.42.png\",\"datePublished\":\"2022-12-22T08:57:08+00:00\",\"dateModified\":\"2022-12-22T08:57:08+00:00\",\"description\":\"HAUS IM LIBANON, ABGEBILDET IN ELLE DECOR USA. Raed Abillama (Architekt) w\u00e4hlte das Oxn\u00f6 von Skargaarden f\u00fcr das Essen im Freien.\",\"breadcrumb\":{\"@id\":\"https:\/\/www.skargaarden.com\/de\/referencesproject\/haus-im-libanon-abgebildet-in-elle-decor-usa\/#breadcrumb\"},\"inLanguage\":\"de\",\"potentialAction\":[{\"@type\":\"ReadAction\",\"target\":[\"https:\/\/www.skargaarden.com\/de\/referencesproject\/haus-im-libanon-abgebildet-in-elle-decor-usa\/\"]}]},{\"@type\":\"ImageObject\",\"inLanguage\":\"de\",\"@id\":\"https:\/\/www.skargaarden.com\/de\/referencesproject\/haus-im-libanon-abgebildet-in-elle-decor-usa\/#primaryimage\",\"url\":\"https:\/\/www.skargaarden.com\/wp-content\/uploads\/2022\/11\/Ska\u0308rmavbild-2022-11-25-kl.-11.09.42.png\",\"contentUrl\":\"https:\/\/www.skargaarden.com\/wp-content\/uploads\/2022\/11\/Ska\u0308rmavbild-2022-11-25-kl.-11.09.42.png\",\"width\":1702,\"height\":870},{\"@type\":\"BreadcrumbList\",\"@id\":\"https:\/\/www.skargaarden.com\/de\/referencesproject\/haus-im-libanon-abgebildet-in-elle-decor-usa\/#breadcrumb\",\"itemListElement\":[{\"@type\":\"ListItem\",\"position\":1,\"name\":\"Home\",\"item\":\"https:\/\/www.skargaarden.com\/de\/\"},{\"@type\":\"ListItem\",\"position\":2,\"name\":\"HAUS IM LIBANON, ABGEBILDET IN ELLE DECOR USA\"}]},{\"@type\":\"WebSite\",\"@id\":\"https:\/\/www.skargaarden.com\/de\/#website\",\"url\":\"https:\/\/www.skargaarden.com\/de\/\",\"name\":\"SKARGAARDEN\",\"description\":\"Scandinavian Outdoor Design\",\"publisher\":{\"@id\":\"https:\/\/www.skargaarden.com\/de\/#organization\"},\"potentialAction\":[{\"@type\":\"SearchAction\",\"target\":{\"@type\":\"EntryPoint\",\"urlTemplate\":\"https:\/\/www.skargaarden.com\/de\/?s={search_term_string}\"},\"query-input\":\"required name=search_term_string\"}],\"inLanguage\":\"de\"},{\"@type\":\"Organization\",\"@id\":\"https:\/\/www.skargaarden.com\/de\/#organization\",\"name\":\"SKARGAARDEN\",\"url\":\"https:\/\/www.skargaarden.com\/de\/\",\"logo\":{\"@type\":\"ImageObject\",\"inLanguage\":\"de\",\"@id\":\"https:\/\/www.skargaarden.com\/de\/#\/schema\/logo\/image\/\",\"url\":\"https:\/\/www.skargaarden.com\/wp-content\/uploads\/2024\/03\/skargaardenlogo-1.png\",\"contentUrl\":\"https:\/\/www.skargaarden.com\/wp-content\/uploads\/2024\/03\/skargaardenlogo-1.png\",\"width\":999,\"height\":141,\"caption\":\"SKARGAARDEN\"},\"image\":{\"@id\":\"https:\/\/www.skargaarden.com\/de\/#\/schema\/logo\/image\/\"},\"sameAs\":[\"https:\/\/www.facebook.com\/skargaarden\",\"https:\/\/www.instagram.com\/skargaarden\/\",\"https:\/\/www.pinterest.se\/skargaarden\/\"]}]}<\/script>\n<!-- \/ Yoast SEO plugin. -->","yoast_head_json":{"title":"HAUS IM LIBANON, ABGEBILDET IN ELLE DECOR USA - SKARGAARDEN","description":"HAUS IM LIBANON, ABGEBILDET IN ELLE DECOR USA. Raed Abillama (Architekt) w\u00e4hlte das Oxn\u00f6 von Skargaarden f\u00fcr das Essen im Freien.","robots":{"index":"index","follow":"follow","max-snippet":"max-snippet:-1","max-image-preview":"max-image-preview:large","max-video-preview":"max-video-preview:-1"},"canonical":"https:\/\/www.skargaarden.com\/de\/referencesproject\/haus-im-libanon-abgebildet-in-elle-decor-usa\/","og_locale":"de_DE","og_type":"article","og_title":"HAUS IM LIBANON, ABGEBILDET IN ELLE DECOR USA - SKARGAARDEN","og_description":"HAUS IM LIBANON, ABGEBILDET IN ELLE DECOR USA. Raed Abillama (Architekt) w\u00e4hlte das Oxn\u00f6 von Skargaarden f\u00fcr das Essen im Freien.","og_url":"https:\/\/www.skargaarden.com\/de\/referencesproject\/haus-im-libanon-abgebildet-in-elle-decor-usa\/","og_site_name":"SKARGAARDEN","article_publisher":"https:\/\/www.facebook.com\/skargaarden","og_image":[{"url":"https:\/\/www.skargaarden.com\/wp-content\/uploads\/2022\/11\/Ska\u0308rmavbild-2022-11-25-kl.-11.09.42.png","width":1200,"height":613,"type":"image\/png"}],"twitter_card":"summary_large_image","schema":{"@context":"https:\/\/schema.org","@graph":[{"@type":"WebPage","@id":"https:\/\/www.skargaarden.com\/de\/referencesproject\/haus-im-libanon-abgebildet-in-elle-decor-usa\/","url":"https:\/\/www.skargaarden.com\/de\/referencesproject\/haus-im-libanon-abgebildet-in-elle-decor-usa\/","name":"HAUS IM LIBANON, ABGEBILDET IN ELLE DECOR USA - SKARGAARDEN","isPartOf":{"@id":"https:\/\/www.skargaarden.com\/de\/#website"},"primaryImageOfPage":{"@id":"https:\/\/www.skargaarden.com\/de\/referencesproject\/haus-im-libanon-abgebildet-in-elle-decor-usa\/#primaryimage"},"image":{"@id":"https:\/\/www.skargaarden.com\/de\/referencesproject\/haus-im-libanon-abgebildet-in-elle-decor-usa\/#primaryimage"},"thumbnailUrl":"https:\/\/www.skargaarden.com\/wp-content\/uploads\/2022\/11\/Ska\u0308rmavbild-2022-11-25-kl.-11.09.42.png","datePublished":"2022-12-22T08:57:08+00:00","dateModified":"2022-12-22T08:57:08+00:00","description":"HAUS IM LIBANON, ABGEBILDET IN ELLE DECOR USA. Raed Abillama (Architekt) w\u00e4hlte das Oxn\u00f6 von Skargaarden f\u00fcr das Essen im Freien.","breadcrumb":{"@id":"https:\/\/www.skargaarden.com\/de\/referencesproject\/haus-im-libanon-abgebildet-in-elle-decor-usa\/#breadcrumb"},"inLanguage":"de","potentialAction":[{"@type":"ReadAction","target":["https:\/\/www.skargaarden.com\/de\/referencesproject\/haus-im-libanon-abgebildet-in-elle-decor-usa\/"]}]},{"@type":"ImageObject","inLanguage":"de","@id":"https:\/\/www.skargaarden.com\/de\/referencesproject\/haus-im-libanon-abgebildet-in-elle-decor-usa\/#primaryimage","url":"https:\/\/www.skargaarden.com\/wp-content\/uploads\/2022\/11\/Ska\u0308rmavbild-2022-11-25-kl.-11.09.42.png","contentUrl":"https:\/\/www.skargaarden.com\/wp-content\/uploads\/2022\/11\/Ska\u0308rmavbild-2022-11-25-kl.-11.09.42.png","width":1702,"height":870},{"@type":"BreadcrumbList","@id":"https:\/\/www.skargaarden.com\/de\/referencesproject\/haus-im-libanon-abgebildet-in-elle-decor-usa\/#breadcrumb","itemListElement":[{"@type":"ListItem","position":1,"name":"Home","item":"https:\/\/www.skargaarden.com\/de\/"},{"@type":"ListItem","position":2,"name":"HAUS IM LIBANON, ABGEBILDET IN ELLE DECOR USA"}]},{"@type":"WebSite","@id":"https:\/\/www.skargaarden.com\/de\/#website","url":"https:\/\/www.skargaarden.com\/de\/","name":"SKARGAARDEN","description":"Scandinavian Outdoor Design","publisher":{"@id":"https:\/\/www.skargaarden.com\/de\/#organization"},"potentialAction":[{"@type":"SearchAction","target":{"@type":"EntryPoint","urlTemplate":"https:\/\/www.skargaarden.com\/de\/?s={search_term_string}"},"query-input":"required name=search_term_string"}],"inLanguage":"de"},{"@type":"Organization","@id":"https:\/\/www.skargaarden.com\/de\/#organization","name":"SKARGAARDEN","url":"https:\/\/www.skargaarden.com\/de\/","logo":{"@type":"ImageObject","inLanguage":"de","@id":"https:\/\/www.skargaarden.com\/de\/#\/schema\/logo\/image\/","url":"https:\/\/www.skargaarden.com\/wp-content\/uploads\/2024\/03\/skargaardenlogo-1.png","contentUrl":"https:\/\/www.skargaarden.com\/wp-content\/uploads\/2024\/03\/skargaardenlogo-1.png","width":999,"height":141,"caption":"SKARGAARDEN"},"image":{"@id":"https:\/\/www.skargaarden.com\/de\/#\/schema\/logo\/image\/"},"sameAs":["https:\/\/www.facebook.com\/skargaarden","https:\/\/www.instagram.com\/skargaarden\/","https:\/\/www.pinterest.se\/skargaarden\/"]}]}},"_links":{"self":[{"href":"https:\/\/www.skargaarden.com\/de\/wp-json\/wp\/v2\/referencesproject\/18197"}],"collection":[{"href":"https:\/\/www.skargaarden.com\/de\/wp-json\/wp\/v2\/referencesproject"}],"about":[{"href":"https:\/\/www.skargaarden.com\/de\/wp-json\/wp\/v2\/types\/referencesproject"}],"wp:featuredmedia":[{"embeddable":true,"href":"https:\/\/www.skargaarden.com\/de\/wp-json\/wp\/v2\/media\/18152"}],"wp:attachment":[{"href":"https:\/\/www.skargaarden.com\/de\/wp-json\/wp\/v2\/media?parent=18197"}],"wp:term":[{"taxonomy":"category","embeddable":true,"href":"https:\/\/www.skargaarden.com\/de\/wp-json\/wp\/v2\/categories?post=18197"},{"taxonomy":"post_tag","embeddable":true,"href":"https:\/\/www.skargaarden.com\/de\/wp-json\/wp\/v2\/tags?post=18197"}],"curies":[{"name":"wp","href":"https:\/\/api.w.org\/{rel}","templated":true}]}}

<div class="css-1k6rb78 exadjwu6">
<p>HAUS IM LIBANON, ABGEBILDET IN ELLE DECOR USA.</p>
<p>Am Rande des Mittelmeers hat Raed Abillama (Architekt) die Einrichtung so gestaltet, dass sie im Vergleich zu den atemberaubenden Aussichten die zweite Geige spielt. Er wohnt mit seiner Familie in diesem Haus, und als Esszimmermöbel für draußen haben sie <a href="https://www.skargaarden.com/de/collections/oxno-2/">Oxnö</a> von Skargaarden gewählt.</p>
</div>

<!-- This site is optimized with the Yoast SEO plugin v22.2 - https://yoast.com/wordpress/plugins/seo/ -->
<title>HAUS IM LIBANON, ABGEBILDET IN ELLE DECOR USA - SKARGAARDEN</title>
<meta name="description" content="HAUS IM LIBANON, ABGEBILDET IN ELLE DECOR USA. Raed Abillama (Architekt) wählte das Oxnö von Skargaarden für das Essen im Freien." />
<meta name="robots" content="index, follow, max-snippet:-1, max-image-preview:large, max-video-preview:-1" />
<link rel="canonical" href="https://www.skargaarden.com/de/referencesproject/haus-im-libanon-abgebildet-in-elle-decor-usa/" />
<meta property="og:locale" content="de_DE" />
<meta property="og:type" content="article" />
<meta property="og:title" content="HAUS IM LIBANON, ABGEBILDET IN ELLE DECOR USA - SKARGAARDEN" />
<meta property="og:description" content="HAUS IM LIBANON, ABGEBILDET IN ELLE DECOR USA. Raed Abillama (Architekt) wählte das Oxnö von Skargaarden für das Essen im Freien." />
<meta property="og:url" content="https://www.skargaarden.com/de/referencesproject/haus-im-libanon-abgebildet-in-elle-decor-usa/" />
<meta property="og:site_name" content="SKARGAARDEN" />
<meta property="article:publisher" content="https://www.facebook.com/skargaarden" />
<meta property="og:image" content="https://www.skargaarden.com/wp-content/uploads/2022/11/Skärmavbild-2022-11-25-kl.-11.09.42.png" />
	<meta property="og:image:width" content="1200" />
	<meta property="og:image:height" content="613" />
	<meta property="og:image:type" content="image/png" />
<meta name="twitter:card" content="summary_large_image" />
<script type="application/ld+json" class="yoast-schema-graph">{"@context":"https://schema.org","@graph":[{"@type":"WebPage","@id":"https://www.skargaarden.com/de/referencesproject/haus-im-libanon-abgebildet-in-elle-decor-usa/","url":"https://www.skargaarden.com/de/referencesproject/haus-im-libanon-abgebildet-in-elle-decor-usa/","name":"HAUS IM LIBANON, ABGEBILDET IN ELLE DECOR USA - SKARGAARDEN","isPartOf":{"@id":"https://www.skargaarden.com/de/#website"},"primaryImageOfPage":{"@id":"https://www.skargaarden.com/de/referencesproject/haus-im-libanon-abgebildet-in-elle-decor-usa/#primaryimage"},"image":{"@id":"https://www.skargaarden.com/de/referencesproject/haus-im-libanon-abgebildet-in-elle-decor-usa/#primaryimage"},"thumbnailUrl":"https://www.skargaarden.com/wp-content/uploads/2022/11/Skärmavbild-2022-11-25-kl.-11.09.42.png","datePublished":"2022-12-22T08:57:08+00:00","dateModified":"2022-12-22T08:57:08+00:00","description":"HAUS IM LIBANON, ABGEBILDET IN ELLE DECOR USA. Raed Abillama (Architekt) wählte das Oxnö von Skargaarden für das Essen im Freien.","breadcrumb":{"@id":"https://www.skargaarden.com/de/referencesproject/haus-im-libanon-abgebildet-in-elle-decor-usa/#breadcrumb"},"inLanguage":"de","potentialAction":[{"@type":"ReadAction","target":["https://www.skargaarden.com/de/referencesproject/haus-im-libanon-abgebildet-in-elle-decor-usa/"]}]},{"@type":"ImageObject","inLanguage":"de","@id":"https://www.skargaarden.com/de/referencesproject/haus-im-libanon-abgebildet-in-elle-decor-usa/#primaryimage","url":"https://www.skargaarden.com/wp-content/uploads/2022/11/Skärmavbild-2022-11-25-kl.-11.09.42.png","contentUrl":"https://www.skargaarden.com/wp-content/uploads/2022/11/Skärmavbild-2022-11-25-kl.-11.09.42.png","width":1702,"height":870},{"@type":"BreadcrumbList","@id":"https://www.skargaarden.com/de/referencesproject/haus-im-libanon-abgebildet-in-elle-decor-usa/#breadcrumb","itemListElement":[{"@type":"ListItem","position":1,"name":"Home","item":"https://www.skargaarden.com/de/"},{"@type":"ListItem","position":2,"name":"HAUS IM LIBANON, ABGEBILDET IN ELLE DECOR USA"}]},{"@type":"WebSite","@id":"https://www.skargaarden.com/de/#website","url":"https://www.skargaarden.com/de/","name":"SKARGAARDEN","description":"Scandinavian Outdoor Design","publisher":{"@id":"https://www.skargaarden.com/de/#organization"},"potentialAction":[{"@type":"SearchAction","target":{"@type":"EntryPoint","urlTemplate":"https://www.skargaarden.com/de/?s={search_term_string}"},"query-input":"required name=search_term_string"}],"inLanguage":"de"},{"@type":"Organization","@id":"https://www.skargaarden.com/de/#organization","name":"SKARGAARDEN","url":"https://www.skargaarden.com/de/","logo":{"@type":"ImageObject","inLanguage":"de","@id":"https://www.skargaarden.com/de/#/schema/logo/image/","url":"https://www.skargaarden.com/wp-content/uploads/2024/03/skargaardenlogo-1.png","contentUrl":"https://www.skargaarden.com/wp-content/uploads/2024/03/skargaardenlogo-1.png","width":999,"height":141,"caption":"SKARGAARDEN"},"image":{"@id":"https://www.skargaarden.com/de/#/schema/logo/image/"},"sameAs":["https://www.facebook.com/skargaarden","https://www.instagram.com/skargaarden/","https://www.pinterest.se/skargaarden/"]}]}</script>
<!-- / Yoast SEO plugin. -->

HAUS IM LIBANON, ABGEBILDET IN ELLE DECOR USA. Raed Abillama (Architekt) wählte das Oxnö von Skargaarden für das Essen im Freien.
